Last updated on 2025-07-17 05:49:54 CEST.
Flavor | Version | Tinstall | Tcheck | Ttotal | Status | Flags |
---|---|---|---|---|---|---|
r-devel-linux-x86_64-debian-clang | 4.6.2 | 2026.21 | 59.25 | 2085.46 | OK | |
r-devel-linux-x86_64-debian-gcc | 4.6.2 | 1538.36 | 40.62 | 1578.98 | OK | |
r-devel-linux-x86_64-fedora-clang | 4.6.2 | 3855.25 | OK | |||
r-devel-linux-x86_64-fedora-gcc | 4.6.2 | 4251.12 | OK | |||
r-devel-windows-x86_64 | 4.6.2 | 1996.00 | 264.00 | 2260.00 | OK | |
r-patched-linux-x86_64 | 4.6.2 | 2142.59 | 54.86 | 2197.45 | OK | |
r-release-linux-x86_64 | 4.6.2 | 2130.33 | 53.99 | 2184.32 | OK | |
r-release-macos-arm64 | 4.6.2 | 772.00 | OK | |||
r-release-macos-x86_64 | 4.6.2 | 824.00 | OK | |||
r-release-windows-x86_64 | 4.6.2 | 2068.00 | 232.00 | 2300.00 | OK | |
r-oldrel-macos-arm64 | 4.6.2 | 785.00 | NOTE | |||
r-oldrel-macos-x86_64 | 4.6.2 | 765.00 | NOTE | |||
r-oldrel-windows-x86_64 | 4.6.2 | 2437.00 | 309.00 | 2746.00 | NOTE |
Version: 4.6.2
Check: installed package size
Result: NOTE
installed size is 245.7Mb
sub-directories of 1Mb or more:
include 10.6Mb
libs 234.7Mb
Flavors: r-oldrel-macos-arm64, r-oldrel-macos-x86_64, r-oldrel-windows-x86_64