Last updated on 2025-10-31 14:49:47 CET.
| Flavor | Version | Tinstall | Tcheck | Ttotal | Status | Flags | 
|---|---|---|---|---|---|---|
| r-devel-linux-x86_64-debian-clang | 3.1.9 | 5.12 | 36.72 | 41.84 | NOTE | |
| r-devel-linux-x86_64-debian-gcc | 3.1.9 | 4.15 | 28.64 | 32.79 | NOTE | |
| r-devel-linux-x86_64-fedora-clang | 3.1.9 | 20.00 | 41.91 | 61.91 | NOTE | |
| r-devel-linux-x86_64-fedora-gcc | 3.1.9 | 13.00 | 60.04 | 73.04 | NOTE | |
| r-devel-windows-x86_64 | 3.1.9 | 9.00 | 70.00 | 79.00 | NOTE | |
| r-patched-linux-x86_64 | 3.1.9 | 5.88 | 35.05 | 40.93 | NOTE | |
| r-release-linux-x86_64 | 3.1.9 | 5.65 | 34.98 | 40.63 | NOTE | |
| r-release-macos-arm64 | 3.1.9 | 5.00 | 28.00 | 33.00 | NOTE | |
| r-release-macos-x86_64 | 3.1.9 | 7.00 | 55.00 | 62.00 | NOTE | |
| r-release-windows-x86_64 | 3.1.9 | 11.00 | 76.00 | 87.00 | NOTE | |
| r-oldrel-macos-arm64 | 3.1.9 | 4.00 | 31.00 | 35.00 | NOTE | |
| r-oldrel-macos-x86_64 | 3.1.9 | 5.00 | 40.00 | 45.00 | NOTE | |
| r-oldrel-windows-x86_64 | 3.1.9 | 11.00 | 77.00 | 88.00 | NOTE | 
Version: 3.1.9
Check: CRAN incoming feasibility
Result: NOTE
  Maintainer: ‘Garrett M. Dancik <dancikg@easternct.edu>’
  
  No Authors@R field in DESCRIPTION.
  Please add one, modifying
    Authors@R: person(given = c("Garrett", "M."),
                      family = "Dancik",
                      role = c("aut", "cre"),
                      email = "dancikg@easternct.edu")
  as necessary.
  
  Package CITATION file contains call(s) to old-style citEntry().  Please
  use bibentry() instead.
Flavors: r-devel-linux-x86_64-debian-clang, r-devel-linux-x86_64-debian-gcc
Version: 3.1.9
Check: Rd files
Result: NOTE
  checkRd: (-1) gp.list.Rd:16: Escaped LaTeX specials: \#
Flavors: r-devel-linux-x86_64-debian-clang, r-devel-linux-x86_64-debian-gcc, r-devel-linux-x86_64-fedora-clang, r-devel-linux-x86_64-fedora-gcc, r-devel-windows-x86_64, r-patched-linux-x86_64, r-release-linux-x86_64, r-release-macos-arm64, r-release-macos-x86_64, r-release-windows-x86_64, r-oldrel-macos-arm64, r-oldrel-macos-x86_64, r-oldrel-windows-x86_64