Last updated on 2025-11-20 02:49:20 CET.
| Flavor | Version | Tinstall | Tcheck | Ttotal | Status | Flags |
|---|---|---|---|---|---|---|
| r-devel-linux-x86_64-debian-clang | 0.4.3 | 7.64 | 73.57 | 81.21 | NOTE | |
| r-devel-linux-x86_64-debian-gcc | 0.4.3 | 5.54 | 55.99 | 61.53 | NOTE | |
| r-devel-linux-x86_64-fedora-clang | 0.4.3 | 15.00 | 107.41 | 122.41 | NOTE | |
| r-devel-linux-x86_64-fedora-gcc | 0.4.3 | 19.00 | 109.26 | 128.26 | NOTE | |
| r-devel-windows-x86_64 | 0.4.3 | 11.00 | 93.00 | 104.00 | NOTE | |
| r-patched-linux-x86_64 | 0.4.3 | 7.44 | 70.14 | 77.58 | NOTE | |
| r-release-linux-x86_64 | 0.4.3 | 7.17 | 68.38 | 75.55 | NOTE | |
| r-release-macos-arm64 | 0.4.3 | NOTE | ||||
| r-release-macos-x86_64 | 0.4.3 | 7.00 | 142.00 | 149.00 | NOTE | |
| r-release-windows-x86_64 | 0.4.3 | 9.00 | 93.00 | 102.00 | NOTE | |
| r-oldrel-macos-arm64 | 0.4.3 | NOTE | ||||
| r-oldrel-macos-x86_64 | 0.4.3 | 7.00 | 90.00 | 97.00 | NOTE | |
| r-oldrel-windows-x86_64 | 0.4.3 | 13.00 | 116.00 | 129.00 | NOTE |
Version: 0.4.3
Check: CRAN incoming feasibility
Result: NOTE
Maintainer: ‘David Charte <fdavidcl@ugr.es>’
Package CITATION file contains call(s) to old-style citEntry(). Please
use bibentry() instead.
Flavors: r-devel-linux-x86_64-debian-clang, r-devel-linux-x86_64-debian-gcc
Version: 0.4.3
Check: Rd files
Result: NOTE
checkRd: (-1) mldrGUI.Rd:22-25: Lost braces in \itemize; meant \describe ?
checkRd: (-1) mldrGUI.Rd:26-28: Lost braces in \itemize; meant \describe ?
checkRd: (-1) mldrGUI.Rd:29: Lost braces in \itemize; meant \describe ?
checkRd: (-1) mldrGUI.Rd:30-31: Lost braces in \itemize; meant \describe ?
checkRd: (-1) mldrGUI.Rd:32-34: Lost braces in \itemize; meant \describe ?
Flavors: r-devel-linux-x86_64-debian-clang, r-devel-linux-x86_64-debian-gcc, r-devel-linux-x86_64-fedora-clang, r-devel-linux-x86_64-fedora-gcc, r-devel-windows-x86_64, r-patched-linux-x86_64, r-release-linux-x86_64, r-release-macos-arm64, r-release-macos-x86_64, r-release-windows-x86_64, r-oldrel-macos-arm64, r-oldrel-macos-x86_64, r-oldrel-windows-x86_64