Last updated on 2025-10-22 05:51:17 CEST.
Flavor | Version | Tinstall | Tcheck | Ttotal | Status | Flags |
---|---|---|---|---|---|---|
r-devel-linux-x86_64-debian-clang | 2.5.3 | 27.07 | 288.81 | 315.88 | NOTE | |
r-devel-linux-x86_64-debian-gcc | 2.5.3 | 17.31 | 185.32 | 202.63 | NOTE | |
r-devel-linux-x86_64-fedora-clang | 2.5.3 | 69.00 | 432.35 | 501.35 | OK | |
r-devel-linux-x86_64-fedora-gcc | 2.5.3 | 57.00 | 413.25 | 470.25 | OK | |
r-devel-windows-x86_64 | 2.5.3 | 32.00 | 276.00 | 308.00 | OK | --no-vignettes |
r-patched-linux-x86_64 | 2.5.3 | 32.64 | 272.82 | 305.46 | OK | |
r-release-linux-x86_64 | 2.5.3 | 26.16 | 266.43 | 292.59 | OK | |
r-release-macos-arm64 | 2.5.3 | 11.00 | 102.00 | 113.00 | OK | |
r-release-macos-x86_64 | 2.5.3 | 22.00 | 217.00 | 239.00 | OK | |
r-release-windows-x86_64 | 2.5.3 | 33.00 | 314.00 | 347.00 | OK | --no-vignettes |
r-oldrel-macos-arm64 | 2.5.3 | 12.00 | 101.00 | 113.00 | OK | |
r-oldrel-macos-x86_64 | 2.5.3 | 22.00 | 190.00 | 212.00 | OK | |
r-oldrel-windows-x86_64 | 2.5.3 | 42.00 | 366.00 | 408.00 | OK | --no-vignettes |
Version: 2.5.3
Check: HTML version of manual
Result: NOTE
Found the following HTML validation problems:
getInteraction.html:46:1 (getInteraction.Rd:10): Warning: missing </ul> before </div>
Flavors: r-devel-linux-x86_64-debian-clang, r-devel-linux-x86_64-debian-gcc