CRAN Package Check Results for Package miniUI

Last updated on 2025-11-20 02:49:19 CET.

Flavor Version Tinstall Tcheck Ttotal Status Flags
r-devel-linux-x86_64-debian-clang 0.1.2 3.40 33.35 36.75 NOTE
r-devel-linux-x86_64-debian-gcc 0.1.2 2.30 26.05 28.35 NOTE
r-devel-linux-x86_64-fedora-clang 0.1.2 52.58 OK
r-devel-linux-x86_64-fedora-gcc 0.1.2 50.61 OK
r-devel-windows-x86_64 0.1.2 7.00 49.00 56.00 OK
r-patched-linux-x86_64 0.1.2 3.35 30.21 33.56 OK
r-release-linux-x86_64 0.1.2 3.18 30.29 33.47 OK
r-release-macos-arm64 0.1.2 OK
r-release-macos-x86_64 0.1.2 3.00 26.00 29.00 OK
r-release-windows-x86_64 0.1.2 5.00 47.00 52.00 OK
r-oldrel-macos-arm64 0.1.2 OK
r-oldrel-macos-x86_64 0.1.2 3.00 42.00 45.00 OK
r-oldrel-windows-x86_64 0.1.2 7.00 57.00 64.00 OK

Check Details

Version: 0.1.2
Check: DESCRIPTION meta-information
Result: NOTE Author field differs from that derived from Authors@R Author: ‘Joe Cheng [cre, aut], Posit Software, PBC [cph, fnd] (03wc8by49)’ Authors@R: ‘Joe Cheng [cre, aut], Posit Software, PBC [cph, fnd] (ROR: <https://ror.org/03wc8by49>)’ Flavors: r-devel-linux-x86_64-debian-clang, r-devel-linux-x86_64-debian-gcc