Last updated on 2025-11-21 14:49:49 CET.
| Flavor | Version | Tinstall | Tcheck | Ttotal | Status | Flags |
|---|---|---|---|---|---|---|
| r-devel-linux-x86_64-debian-clang | 1.0.1 | 3.47 | 32.05 | 35.52 | NOTE | |
| r-devel-linux-x86_64-debian-gcc | 1.0.1 | 2.48 | 24.97 | 27.45 | NOTE | |
| r-devel-linux-x86_64-fedora-clang | 1.0.1 | 52.45 | OK | |||
| r-devel-linux-x86_64-fedora-gcc | 1.0.1 | 50.12 | OK | |||
| r-devel-windows-x86_64 | 1.0.1 | 6.00 | 53.00 | 59.00 | OK | |
| r-patched-linux-x86_64 | 1.0.1 | 2.64 | 30.42 | 33.06 | OK | |
| r-release-linux-x86_64 | 1.0.1 | 2.77 | 30.37 | 33.14 | OK | |
| r-release-macos-arm64 | 1.0.1 | OK | ||||
| r-release-macos-x86_64 | 1.0.1 | 3.00 | 34.00 | 37.00 | OK | |
| r-release-windows-x86_64 | 1.0.1 | 5.00 | 53.00 | 58.00 | OK | |
| r-oldrel-macos-arm64 | 1.0.1 | NOTE | ||||
| r-oldrel-macos-x86_64 | 1.0.1 | 2.00 | 28.00 | 30.00 | NOTE | |
| r-oldrel-windows-x86_64 | 1.0.1 | 6.00 | 62.00 | 68.00 | NOTE |
Version: 1.0.1
Check: CRAN incoming feasibility
Result: NOTE
Maintainer: ‘Nicholas Jhirad <lostnfound@gmail.com>’
No Authors@R field in DESCRIPTION.
Please add one, modifying
Authors@R: person(given = "Nicholas",
family = "Jhirad",
role = c("aut", "cre"),
email = "lostnfound@gmail.com")
as necessary.
Flavors: r-devel-linux-x86_64-debian-clang, r-devel-linux-x86_64-debian-gcc
Version: 1.0.1
Check: LazyData
Result: NOTE
'LazyData' is specified without a 'data' directory
Flavors: r-oldrel-macos-arm64, r-oldrel-macos-x86_64, r-oldrel-windows-x86_64