Last updated on 2025-10-25 12:49:53 CEST.
| Flavor | Version | Tinstall | Tcheck | Ttotal | Status | Flags |
|---|---|---|---|---|---|---|
| r-devel-linux-x86_64-debian-clang | 2.1 | 6.75 | 90.14 | 96.89 | NOTE | |
| r-devel-linux-x86_64-debian-gcc | 2.1 | 4.25 | 61.43 | 65.68 | NOTE | |
| r-devel-linux-x86_64-fedora-clang | 2.1 | 20.00 | 131.81 | 151.81 | OK | |
| r-devel-linux-x86_64-fedora-gcc | 2.1 | 18.00 | 137.52 | 155.52 | OK | |
| r-devel-windows-x86_64 | 2.1 | 8.00 | 108.00 | 116.00 | OK | |
| r-patched-linux-x86_64 | 2.1 | 7.54 | 85.39 | 92.93 | OK | |
| r-release-linux-x86_64 | 2.1 | 5.66 | 85.00 | 90.66 | OK | |
| r-release-macos-arm64 | 2.1 | 3.00 | 45.00 | 48.00 | OK | |
| r-release-macos-x86_64 | 2.1 | 7.00 | 98.00 | 105.00 | OK | |
| r-release-windows-x86_64 | 2.1 | 10.00 | 106.00 | 116.00 | OK | |
| r-oldrel-macos-arm64 | 2.1 | 3.00 | 48.00 | 51.00 | OK | |
| r-oldrel-macos-x86_64 | 2.1 | 6.00 | 75.00 | 81.00 | OK | |
| r-oldrel-windows-x86_64 | 2.1 | 12.00 | 134.00 | 146.00 | OK |
Version: 2.1
Check: CRAN incoming feasibility
Result: NOTE
Maintainer: ‘Lars Snipen <lars.snipen@nmbu.no>’
No Authors@R field in DESCRIPTION.
Please add one, modifying
Authors@R: c(person(given = "Lars",
family = "Snipen",
role = c("aut", "cre"),
email = "lars.snipen@nmbu.no"),
person(given = c("Kristian", "Hovde"),
family = "Liland",
role = "aut"))
as necessary.
Flavors: r-devel-linux-x86_64-debian-clang, r-devel-linux-x86_64-debian-gcc