Last updated on 2025-10-21 17:49:53 CEST.
Flavor | Version | Tinstall | Tcheck | Ttotal | Status | Flags |
---|---|---|---|---|---|---|
r-devel-linux-x86_64-debian-clang | 1.0.0 | 7.11 | 70.12 | 77.23 | NOTE | |
r-devel-linux-x86_64-debian-gcc | 1.0.0 | 5.13 | 49.98 | 55.11 | NOTE | |
r-devel-linux-x86_64-fedora-clang | 1.0.0 | 20.00 | 99.93 | 119.93 | OK | |
r-devel-linux-x86_64-fedora-gcc | 1.0.0 | 15.00 | 107.38 | 122.38 | OK | |
r-devel-windows-x86_64 | 1.0.0 | 9.00 | 84.00 | 93.00 | OK | |
r-patched-linux-x86_64 | 1.0.0 | 7.56 | 63.18 | 70.74 | OK | |
r-release-linux-x86_64 | 1.0.0 | 6.85 | 63.78 | 70.63 | OK | |
r-release-macos-arm64 | 1.0.0 | 3.00 | 42.00 | 45.00 | OK | |
r-release-macos-x86_64 | 1.0.0 | 6.00 | 90.00 | 96.00 | OK | |
r-release-windows-x86_64 | 1.0.0 | 9.00 | 87.00 | 96.00 | OK | |
r-oldrel-macos-arm64 | 1.0.0 | 3.00 | 47.00 | 50.00 | OK | |
r-oldrel-macos-x86_64 | 1.0.0 | 6.00 | 76.00 | 82.00 | OK | |
r-oldrel-windows-x86_64 | 1.0.0 | 12.00 | 104.00 | 116.00 | OK |
Version: 1.0.0
Check: HTML version of manual
Result: NOTE
Found the following HTML validation problems:
app_set_up.html:48:1 (app_set_up.Rd:11): Warning: missing </ul> before </div>
default_creds_path.html:47:1 (default_creds_path.Rd:11): Warning: missing </ul> before </div>
encrypt_creds_path.html:46:1 (encrypt_creds_path.Rd:10): Warning: missing </ul> before </div>
Flavors: r-devel-linux-x86_64-debian-clang, r-devel-linux-x86_64-debian-gcc