Last updated on 2025-07-21 20:50:07 CEST.
Flavor | Version | Tinstall | Tcheck | Ttotal | Status | Flags |
---|---|---|---|---|---|---|
r-devel-linux-x86_64-debian-clang | 2.1.2 | 10.82 | 219.66 | 230.48 | OK | |
r-devel-linux-x86_64-debian-gcc | 2.1.2 | 6.62 | 159.02 | 165.64 | OK | |
r-devel-linux-x86_64-fedora-clang | 2.1.2 | 352.54 | OK | |||
r-devel-linux-x86_64-fedora-gcc | 2.1.2 | 361.67 | OK | |||
r-devel-windows-x86_64 | 2.1.2 | 15.00 | 257.00 | 272.00 | OK | |
r-patched-linux-x86_64 | 2.1.2 | 14.29 | 207.27 | 221.56 | OK | |
r-release-linux-x86_64 | 2.1.2 | 10.88 | 210.53 | 221.41 | OK | |
r-release-macos-arm64 | 2.1.2 | 121.00 | OK | |||
r-release-macos-x86_64 | 2.1.2 | 260.00 | OK | |||
r-release-windows-x86_64 | 2.1.2 | 18.00 | 263.00 | 281.00 | OK | |
r-oldrel-macos-arm64 | 2.1.2 | 130.00 | NOTE | |||
r-oldrel-macos-x86_64 | 2.1.2 | 255.00 | NOTE | |||
r-oldrel-windows-x86_64 | 2.1.2 | 21.00 | 325.00 | 346.00 | NOTE |
Version: 2.1.2
Check: installed package size
Result: NOTE
installed size is 5.1Mb
sub-directories of 1Mb or more:
doc 3.5Mb
Flavors: r-oldrel-macos-arm64, r-oldrel-macos-x86_64, r-oldrel-windows-x86_64