Last updated on 2025-11-17 00:49:42 CET.
| Flavor | Version | Tinstall | Tcheck | Ttotal | Status | Flags |
|---|---|---|---|---|---|---|
| r-devel-linux-x86_64-debian-clang | 1.2.2 | 10.30 | 66.71 | 77.01 | OK | |
| r-devel-linux-x86_64-debian-gcc | 1.2.2 | 6.31 | 46.06 | 52.37 | OK | |
| r-devel-linux-x86_64-fedora-clang | 1.2.2 | 22.00 | 94.18 | 116.18 | NOTE | |
| r-devel-linux-x86_64-fedora-gcc | 1.2.2 | 21.00 | 84.61 | 105.61 | NOTE | |
| r-devel-windows-x86_64 | 1.2.2 | 11.00 | 76.00 | 87.00 | OK | |
| r-patched-linux-x86_64 | 1.2.2 | 9.12 | 60.15 | 69.27 | OK | |
| r-release-linux-x86_64 | 1.2.2 | 8.95 | 60.73 | 69.68 | OK | |
| r-release-macos-arm64 | 1.2.2 | 4.00 | 29.00 | 33.00 | OK | |
| r-release-macos-x86_64 | 1.2.2 | 7.00 | 49.00 | 56.00 | OK | |
| r-release-windows-x86_64 | 1.2.2 | 11.00 | 77.00 | 88.00 | OK | |
| r-oldrel-macos-arm64 | 1.2.2 | 4.00 | 29.00 | 33.00 | OK | |
| r-oldrel-macos-x86_64 | 1.2.2 | 6.00 | 41.00 | 47.00 | OK | |
| r-oldrel-windows-x86_64 | 1.2.2 | 16.00 | 94.00 | 110.00 | OK |
Version: 1.2.2
Check: dependencies in R code
Result: NOTE
Namespaces in Imports field not imported from:
‘ade4’ ‘dendextend’ ‘ggforce’ ‘ggrepel’ ‘stringr’ ‘tidyverse’
All declared Imports should be used.
Flavors: r-devel-linux-x86_64-fedora-clang, r-devel-linux-x86_64-fedora-gcc