Last updated on 2025-10-25 18:50:18 CEST.
| Flavor | Version | Tinstall | Tcheck | Ttotal | Status | Flags |
|---|---|---|---|---|---|---|
| r-devel-linux-x86_64-debian-clang | 0.2.0 | 4.72 | 204.38 | 209.10 | OK | |
| r-devel-linux-x86_64-debian-gcc | 0.2.0 | 3.31 | 139.27 | 142.58 | OK | |
| r-devel-linux-x86_64-fedora-clang | 0.2.0 | 35.00 | 240.36 | 275.36 | OK | |
| r-devel-linux-x86_64-fedora-gcc | 0.2.0 | 13.00 | 269.16 | 282.16 | OK | |
| r-devel-windows-x86_64 | 0.2.0 | 7.00 | 215.00 | 222.00 | OK | |
| r-patched-linux-x86_64 | 0.2.0 | 6.50 | 193.40 | 199.90 | OK | |
| r-release-linux-x86_64 | 0.2.0 | 4.77 | 194.02 | 198.79 | OK | |
| r-release-macos-arm64 | 0.2.0 | 2.00 | 85.00 | 87.00 | OK | |
| r-release-macos-x86_64 | 0.2.0 | 5.00 | 202.00 | 207.00 | OK | |
| r-release-windows-x86_64 | 0.2.0 | 10.00 | 223.00 | 233.00 | OK | |
| r-oldrel-macos-arm64 | 0.2.0 | 2.00 | 89.00 | 91.00 | NOTE | |
| r-oldrel-macos-x86_64 | 0.2.0 | 4.00 | 203.00 | 207.00 | NOTE | |
| r-oldrel-windows-x86_64 | 0.2.0 | 8.00 | 285.00 | 293.00 | OK |
Version: 0.2.0
Check: package dependencies
Result: NOTE
Package suggested but not available for checking: ‘qsmooth’
Flavors: r-oldrel-macos-arm64, r-oldrel-macos-x86_64