Last updated on 2025-10-21 05:49:34 CEST.
Flavor | Version | Tinstall | Tcheck | Ttotal | Status | Flags |
---|---|---|---|---|---|---|
r-devel-linux-x86_64-debian-clang | 0.2.1 | 7.22 | 89.68 | 96.90 | OK | |
r-devel-linux-x86_64-debian-gcc | 0.2.1 | 4.62 | 60.10 | 64.72 | NOTE | |
r-devel-linux-x86_64-fedora-clang | 0.2.1 | 150.91 | OK | |||
r-devel-linux-x86_64-fedora-gcc | 0.2.1 | 150.48 | OK | |||
r-devel-windows-x86_64 | 0.2.1 | 9.00 | 93.00 | 102.00 | OK | |
r-patched-linux-x86_64 | 0.2.1 | 8.04 | 82.25 | 90.29 | OK | |
r-release-linux-x86_64 | 0.2.1 | 7.87 | 82.20 | 90.07 | OK | |
r-release-macos-arm64 | 0.2.1 | 49.00 | OK | |||
r-release-macos-x86_64 | 0.2.1 | 114.00 | OK | |||
r-release-windows-x86_64 | 0.2.1 | 10.00 | 97.00 | 107.00 | OK | |
r-oldrel-macos-arm64 | 0.2.1 | 54.00 | OK | |||
r-oldrel-macos-x86_64 | 0.2.1 | 110.00 | OK | |||
r-oldrel-windows-x86_64 | 0.2.1 | 12.00 | 120.00 | 132.00 | OK |
Version: 0.2.1
Check: HTML version of manual
Result: NOTE
Found the following HTML validation problems:
MetaCore_filter.html:46:1 (MetaCore_filter.Rd:10): Warning: missing </ul> before </div>
check_columns.html:78:1 (check_columns.Rd:30): Warning: missing </ul> before </div>
check_structure.html:62:1 (check_structure.Rd:18): Warning: missing </ul> before </div>
check_words.html:50:1 (check_words.Rd:12): Warning: missing </ul> before </div>
metacore.html:90:1 (metacore.Rd:40): Warning: missing </ul> before </div>
Flavor: r-devel-linux-x86_64-debian-gcc