Last updated on 2025-10-27 18:50:17 CET.
| Flavor | Version | Tinstall | Tcheck | Ttotal | Status | Flags |
|---|---|---|---|---|---|---|
| r-devel-linux-x86_64-debian-clang | 1.6.2 | 11.03 | 110.15 | 121.18 | OK | |
| r-devel-linux-x86_64-debian-gcc | 1.6.2 | 7.67 | 77.79 | 85.46 | OK | |
| r-devel-linux-x86_64-fedora-clang | 1.6.2 | 28.00 | 169.20 | 197.20 | OK | |
| r-devel-linux-x86_64-fedora-gcc | 1.6.2 | 44.00 | 176.03 | 220.03 | OK | |
| r-devel-windows-x86_64 | 1.6.2 | 17.00 | 110.00 | 127.00 | OK | |
| r-patched-linux-x86_64 | 1.6.2 | 13.86 | 105.91 | 119.77 | OK | |
| r-release-linux-x86_64 | 1.6.2 | 12.28 | 106.58 | 118.86 | OK | |
| r-release-macos-arm64 | 1.6.2 | 6.00 | 61.00 | 67.00 | OK | |
| r-release-macos-x86_64 | 1.6.2 | 10.00 | 107.00 | 117.00 | OK | |
| r-release-windows-x86_64 | 1.6.2 | 18.00 | 112.00 | 130.00 | OK | |
| r-oldrel-macos-arm64 | 1.6.2 | 6.00 | 68.00 | 74.00 | NOTE | |
| r-oldrel-macos-x86_64 | 1.6.2 | 13.00 | 109.00 | 122.00 | NOTE | |
| r-oldrel-windows-x86_64 | 1.6.2 | 20.00 | 138.00 | 158.00 | NOTE |
Version: 1.6.2
Check: package dependencies
Result: NOTE
Package suggested but not available for checking: ‘mdrb’
Flavors: r-oldrel-macos-arm64, r-oldrel-macos-x86_64, r-oldrel-windows-x86_64