CRAN Package Check Results for Package meifly

Last updated on 2025-11-02 15:49:56 CET.

Flavor Version Tinstall Tcheck Ttotal Status Flags
r-devel-linux-x86_64-debian-clang 0.3.1 2.47 25.23 27.70 NOTE
r-devel-linux-x86_64-debian-gcc 0.3.1 1.81 20.42 22.23 NOTE
r-devel-linux-x86_64-fedora-clang 0.3.1 41.12 OK
r-devel-linux-x86_64-fedora-gcc 0.3.1 40.60 OK
r-devel-windows-x86_64 0.3.1 4.00 42.00 46.00 OK
r-patched-linux-x86_64 0.3.1 2.21 24.65 26.86 OK
r-release-linux-x86_64 0.3.1 2.34 24.19 26.53 OK
r-release-macos-arm64 0.3.1 2.00 26.00 28.00 OK
r-release-macos-x86_64 0.3.1 2.00 26.00 28.00 OK
r-release-windows-x86_64 0.3.1 3.00 42.00 45.00 OK
r-oldrel-macos-arm64 0.3.1 1.00 15.00 16.00 OK
r-oldrel-macos-x86_64 0.3.1 2.00 21.00 23.00 OK
r-oldrel-windows-x86_64 0.3.1 4.00 50.00 54.00 OK

Check Details

Version: 0.3.1
Check: CRAN incoming feasibility
Result: NOTE Maintainer: ‘Hadley Wickham <h.wickham@gmail.com>’ No Authors@R field in DESCRIPTION. Please add one, modifying Authors@R: person(given = "Hadley", family = "Wickham", role = c("aut", "cre"), email = "h.wickham@gmail.com") as necessary. Flavors: r-devel-linux-x86_64-debian-clang, r-devel-linux-x86_64-debian-gcc