Last updated on 2025-10-31 20:48:44 CET.
| Flavor | Version | Tinstall | Tcheck | Ttotal | Status | Flags | 
|---|---|---|---|---|---|---|
| r-devel-linux-x86_64-debian-clang | 1.4-9.4 | 3.88 | 138.78 | 142.66 | NOTE | |
| r-devel-linux-x86_64-debian-gcc | 1.4-9.4 | 2.95 | 90.26 | 93.21 | NOTE | |
| r-devel-linux-x86_64-fedora-clang | 1.4-9.4 | 214.27 | OK | |||
| r-devel-linux-x86_64-fedora-gcc | 1.4-9.4 | 17.00 | 221.14 | 238.14 | OK | |
| r-devel-windows-x86_64 | 1.4-9.4 | 9.00 | 149.00 | 158.00 | OK | |
| r-patched-linux-x86_64 | 1.4-9.4 | 3.77 | 128.58 | 132.35 | OK | |
| r-release-linux-x86_64 | 1.4-9.4 | 3.59 | 128.69 | 132.28 | OK | |
| r-release-macos-arm64 | 1.4-9.4 | 3.00 | 66.00 | 69.00 | OK | |
| r-release-macos-x86_64 | 1.4-9.4 | 5.00 | 132.00 | 137.00 | OK | |
| r-release-windows-x86_64 | 1.4-9.4 | 8.00 | 155.00 | 163.00 | OK | |
| r-oldrel-macos-arm64 | 1.4-9.4 | 3.00 | 62.00 | 65.00 | OK | |
| r-oldrel-macos-x86_64 | 1.4-9.4 | 4.00 | 97.00 | 101.00 | OK | |
| r-oldrel-windows-x86_64 | 1.4-9.4 | 10.00 | 195.00 | 205.00 | OK | 
Version: 1.4-9.4
Check: CRAN incoming feasibility
Result: NOTE
  Maintainer: ‘Fred Viole <fviole@fordham.edu>’
  
  No Authors@R field in DESCRIPTION.
  Please add one, modifying
    Authors@R: c(person(given = c("Hrishikesh", "D."),
                        family = "Vinod",
                        role = "aut",
                        email = "Vinod@fordham.edu"),
                 person(given = "Javier",
                        family = "López-de-Lacalle",
                        role = "aut",
                        email = "javlacalle@yahoo.es"),
                 person(given = "Fred",
                        family = "Viole",
                        role = c("aut", "cre"),
                        email = "fviole@fordham.edu"))
  as necessary.
Flavors: r-devel-linux-x86_64-debian-clang, r-devel-linux-x86_64-debian-gcc