CRAN Package Check Results for Package matrixset

Last updated on 2025-10-21 17:49:53 CEST.

Flavor Version Tinstall Tcheck Ttotal Status Flags
r-devel-linux-x86_64-debian-clang 0.4.0 18.49 156.33 174.82 NOTE
r-devel-linux-x86_64-debian-gcc 0.4.0 12.72 104.60 117.32 NOTE
r-devel-linux-x86_64-fedora-clang 0.4.0 57.00 226.63 283.63 NOTE
r-devel-linux-x86_64-fedora-gcc 0.4.0 33.00 243.78 276.78 NOTE
r-devel-windows-x86_64 0.4.0 21.00 166.00 187.00 NOTE
r-patched-linux-x86_64 0.4.0 18.72 144.94 163.66 NOTE
r-release-linux-x86_64 0.4.0 15.54 146.74 162.28 NOTE
r-release-macos-arm64 0.4.0 7.00 64.00 71.00 NOTE
r-release-macos-x86_64 0.4.0 16.00 141.00 157.00 OK
r-release-windows-x86_64 0.4.0 26.00 163.00 189.00 NOTE
r-oldrel-macos-arm64 0.4.0 10.00 90.00 100.00 OK
r-oldrel-macos-x86_64 0.4.0 15.00 150.00 165.00 OK
r-oldrel-windows-x86_64 0.4.0 29.00 222.00 251.00 OK

Check Details

Version: 0.4.0
Check: DESCRIPTION meta-information
Result: NOTE Missing dependency on R >= 4.1.0 because package code uses the pipe |> or function shorthand \(...) syntax added in R 4.1.0. File(s) using such syntax: ‘column_group_by_drop_default.Rd’ ‘context.Rd’ ‘filter_column.Rd’ ‘filter_row.Rd’ ‘join.Rd’ ‘row_group_by_drop_default.Rd’ Flavors: r-devel-linux-x86_64-debian-clang, r-devel-linux-x86_64-debian-gcc, r-devel-linux-x86_64-fedora-clang, r-devel-linux-x86_64-fedora-gcc, r-devel-windows-x86_64, r-patched-linux-x86_64, r-release-linux-x86_64, r-release-macos-arm64, r-release-windows-x86_64

Version: 0.4.0
Check: HTML version of manual
Result: NOTE Found the following HTML validation problems: meta.html:89:1 (meta.Rd:44): Warning: missing </ul> before </div> Flavors: r-devel-linux-x86_64-debian-clang, r-devel-linux-x86_64-debian-gcc