Last updated on 2025-07-22 09:50:37 CEST.
Flavor | Version | Tinstall | Tcheck | Ttotal | Status | Flags |
---|---|---|---|---|---|---|
r-devel-linux-x86_64-debian-clang | 0.3 | 78.13 | 28.08 | 106.21 | OK | |
r-devel-linux-x86_64-debian-gcc | 0.3 | 71.90 | 29.64 | 101.54 | OK | |
r-devel-linux-x86_64-fedora-clang | 0.3 | 160.74 | OK | |||
r-devel-linux-x86_64-fedora-gcc | 0.3 | 226.11 | OK | |||
r-devel-windows-x86_64 | 0.3 | 75.00 | 73.00 | 148.00 | OK | |
r-patched-linux-x86_64 | 0.3 | 94.56 | 36.49 | 131.05 | OK | |
r-release-linux-x86_64 | 0.3 | 94.67 | 36.61 | 131.28 | OK | |
r-release-macos-arm64 | 0.3 | 72.00 | OK | |||
r-release-macos-x86_64 | 0.3 | 128.00 | OK | |||
r-release-windows-x86_64 | 0.3 | 80.00 | 76.00 | 156.00 | OK | |
r-oldrel-macos-arm64 | 0.3 | 53.00 | NOTE | |||
r-oldrel-macos-x86_64 | 0.3 | 96.00 | NOTE | |||
r-oldrel-windows-x86_64 | 0.3 | 94.00 | 81.00 | 175.00 | OK |
Version: 0.3
Check: installed package size
Result: NOTE
installed size is 49.1Mb
sub-directories of 1Mb or more:
libs 48.8Mb
Flavors: r-oldrel-macos-arm64, r-oldrel-macos-x86_64