Last updated on 2025-07-15 17:50:12 CEST.
Flavor | Version | Tinstall | Tcheck | Ttotal | Status | Flags |
---|---|---|---|---|---|---|
r-devel-linux-x86_64-debian-clang | 0.28.0 | 41.46 | 96.39 | 137.85 | OK | |
r-devel-linux-x86_64-debian-gcc | 0.28.0 | 27.72 | 64.23 | 91.95 | OK | |
r-devel-linux-x86_64-fedora-clang | 0.28.0 | 241.26 | OK | |||
r-devel-linux-x86_64-fedora-gcc | 0.28.0 | 229.67 | OK | |||
r-devel-windows-x86_64 | 0.28.0 | 46.00 | 119.00 | 165.00 | OK | |
r-patched-linux-x86_64 | 0.28.0 | 41.31 | 87.60 | 128.91 | OK | |
r-release-linux-x86_64 | 0.28.0 | 38.46 | 87.56 | 126.02 | OK | |
r-release-macos-arm64 | 0.28.0 | 59.00 | OK | |||
r-release-macos-x86_64 | 0.28.0 | 165.00 | OK | |||
r-release-windows-x86_64 | 0.28.0 | 48.00 | 118.00 | 166.00 | OK | |
r-oldrel-macos-arm64 | 0.28.0 | 64.00 | NOTE | |||
r-oldrel-macos-x86_64 | 0.28.0 | 166.00 | NOTE | |||
r-oldrel-windows-x86_64 | 0.28.0 | 57.00 | 154.00 | 211.00 | OK |
Version: 0.28.0
Check: installed package size
Result: NOTE
installed size is 6.4Mb
sub-directories of 1Mb or more:
help 1.5Mb
libs 4.1Mb
Flavors: r-oldrel-macos-arm64, r-oldrel-macos-x86_64