Last updated on 2025-07-19 08:48:40 CEST.
Flavor | Version | Tinstall | Tcheck | Ttotal | Status | Flags |
---|---|---|---|---|---|---|
r-devel-linux-x86_64-debian-clang | 1.0.0 | 75.72 | 79.95 | 155.67 | OK | |
r-devel-linux-x86_64-debian-gcc | 1.0.0 | 58.39 | 63.40 | 121.79 | OK | |
r-devel-linux-x86_64-fedora-clang | 1.0.0 | 247.74 | OK | |||
r-devel-linux-x86_64-fedora-gcc | 1.0.0 | 266.54 | OK | |||
r-devel-windows-x86_64 | 1.0.0 | 79.00 | 114.00 | 193.00 | OK | |
r-patched-linux-x86_64 | 1.0.0 | 76.04 | 81.74 | 157.78 | OK | |
r-release-linux-x86_64 | 1.0.0 | 78.79 | 82.53 | 161.32 | OK | |
r-release-macos-arm64 | 1.0.0 | 65.00 | OK | |||
r-release-macos-x86_64 | 1.0.0 | 133.00 | OK | |||
r-release-windows-x86_64 | 1.0.0 | 77.00 | 110.00 | 187.00 | OK | |
r-oldrel-macos-arm64 | 1.0.0 | 72.00 | NOTE | |||
r-oldrel-macos-x86_64 | 1.0.0 | 141.00 | NOTE | |||
r-oldrel-windows-x86_64 | 1.0.0 | 92.00 | 137.00 | 229.00 | OK |
Version: 1.0.0
Check: installed package size
Result: NOTE
installed size is 26.2Mb
sub-directories of 1Mb or more:
libs 26.1Mb
Flavors: r-oldrel-macos-arm64, r-oldrel-macos-x86_64