Last updated on 2025-10-24 05:50:45 CEST.
| Flavor | Version | Tinstall | Tcheck | Ttotal | Status | Flags |
|---|---|---|---|---|---|---|
| r-devel-linux-x86_64-debian-clang | 2.11.4 | 38.08 | 333.97 | 372.05 | NOTE | |
| r-devel-linux-x86_64-debian-gcc | 2.11.4 | 24.31 | 226.20 | 250.51 | OK | |
| r-devel-linux-x86_64-fedora-clang | 2.11.4 | 113.00 | 489.10 | 602.10 | OK | |
| r-devel-linux-x86_64-fedora-gcc | 2.11.4 | 90.00 | 467.06 | 557.06 | OK | |
| r-devel-windows-x86_64 | 2.11.4 | 36.00 | 261.00 | 297.00 | OK | |
| r-patched-linux-x86_64 | 2.11.4 | 36.68 | 315.62 | 352.30 | OK | |
| r-release-linux-x86_64 | 2.11.4 | 38.56 | 317.36 | 355.92 | OK | |
| r-release-macos-arm64 | 2.11.4 | 15.00 | 118.00 | 133.00 | OK | |
| r-release-macos-x86_64 | 2.11.4 | 30.00 | 269.00 | 299.00 | OK | |
| r-release-windows-x86_64 | 2.11.4 | 35.00 | 262.00 | 297.00 | OK | |
| r-oldrel-macos-arm64 | 2.11.4 | 15.00 | 119.00 | 134.00 | OK | |
| r-oldrel-macos-x86_64 | 2.11.4 | 32.00 | 285.00 | 317.00 | OK | |
| r-oldrel-windows-x86_64 | 2.11.4 | 51.00 | 375.00 | 426.00 | OK |
Version: 2.11.4
Check: HTML version of manual
Result: NOTE
Found the following HTML validation problems:
knit_print.mapview.html:51:1 (knit_print.mapview.Rd:12): Warning: missing </ul> before </div>
mapviewOutput.html:51:1 (mapviewOutput.Rd:13): Warning: missing </ul> before </div>
print-mapview-method.html:47:1 (print-mapview-method.Rd:10): Warning: missing </ul> before </div>
renderMapview.html:55:1 (renderMapview.Rd:15): Warning: missing </ul> before </div>
show-mapview-method.html:47:1 (show-mapview-method.Rd:10): Warning: missing </ul> before </div>
Flavor: r-devel-linux-x86_64-debian-clang