Last updated on 2025-10-22 11:51:14 CEST.
Flavor | Version | Tinstall | Tcheck | Ttotal | Status | Flags |
---|---|---|---|---|---|---|
r-devel-linux-x86_64-debian-clang | 0.6.2 | 33.61 | 301.75 | 335.36 | NOTE | |
r-devel-linux-x86_64-debian-gcc | 0.6.2 | 20.98 | 187.72 | 208.70 | NOTE | |
r-devel-linux-x86_64-fedora-clang | 0.6.2 | 204.00 | 323.00 | 527.00 | OK | |
r-devel-linux-x86_64-fedora-gcc | 0.6.2 | 71.00 | 420.39 | 491.39 | OK | |
r-devel-windows-x86_64 | 0.6.2 | 33.00 | 260.00 | 293.00 | OK | |
r-patched-linux-x86_64 | 0.6.2 | 32.47 | 280.52 | 312.99 | OK | |
r-release-linux-x86_64 | 0.6.2 | 33.23 | 280.20 | 313.43 | OK | |
r-release-macos-arm64 | 0.6.2 | 13.00 | 103.00 | 116.00 | OK | |
r-release-macos-x86_64 | 0.6.2 | 35.00 | 250.00 | 285.00 | OK | |
r-release-windows-x86_64 | 0.6.2 | 34.00 | 269.00 | 303.00 | OK | |
r-oldrel-macos-arm64 | 0.6.2 | 16.00 | 89.00 | 105.00 | OK | |
r-oldrel-macos-x86_64 | 0.6.2 | 30.00 | 208.00 | 238.00 | OK | |
r-oldrel-windows-x86_64 | 0.6.2 | 45.00 | 343.00 | 388.00 | OK |
Version: 0.6.2
Check: HTML version of manual
Result: NOTE
Found the following HTML validation problems:
check_upload_status.html:54:1 (check_upload_status.Rd:14): Warning: missing </ul> before </div>
Flavors: r-devel-linux-x86_64-debian-clang, r-devel-linux-x86_64-debian-gcc