Last updated on 2025-07-22 09:50:37 CEST.
Flavor | Version | Tinstall | Tcheck | Ttotal | Status | Flags |
---|---|---|---|---|---|---|
r-devel-linux-x86_64-debian-clang | 0.2.6 | 96.77 | 88.77 | 185.54 | OK | |
r-devel-linux-x86_64-debian-gcc | 0.2.6 | 70.39 | 67.52 | 137.91 | OK | |
r-devel-linux-x86_64-fedora-clang | 0.2.6 | 335.59 | OK | |||
r-devel-linux-x86_64-fedora-gcc | 0.2.6 | 306.96 | OK | |||
r-devel-windows-x86_64 | 0.2.6 | 112.00 | 125.00 | 237.00 | OK | |
r-patched-linux-x86_64 | 0.2.6 | 97.35 | 84.54 | 181.89 | OK | |
r-release-linux-x86_64 | 0.2.6 | 91.59 | 84.86 | 176.45 | OK | |
r-release-macos-arm64 | 0.2.6 | 68.00 | OK | |||
r-release-macos-x86_64 | 0.2.6 | 110.00 | OK | |||
r-release-windows-x86_64 | 0.2.6 | 106.00 | 128.00 | 234.00 | OK | |
r-oldrel-macos-arm64 | 0.2.6 | 71.00 | NOTE | |||
r-oldrel-macos-x86_64 | 0.2.6 | 101.00 | NOTE | |||
r-oldrel-windows-x86_64 | 0.2.6 | 128.00 | 158.00 | 286.00 | OK |
Version: 0.2.6
Check: installed package size
Result: NOTE
installed size is 6.4Mb
sub-directories of 1Mb or more:
libs 6.0Mb
Flavors: r-oldrel-macos-arm64, r-oldrel-macos-x86_64