CRAN Package Check Results for Package manipulateWidget

Last updated on 2025-10-21 05:49:33 CEST.

Flavor Version Tinstall Tcheck Ttotal Status Flags
r-devel-linux-x86_64-debian-clang 0.11.1 6.23 61.45 67.68 NOTE
r-devel-linux-x86_64-debian-gcc 0.11.1 4.51 44.85 49.36 NOTE
r-devel-linux-x86_64-fedora-clang 0.11.1 104.35 NOTE
r-devel-linux-x86_64-fedora-gcc 0.11.1 124.77 NOTE
r-devel-windows-x86_64 0.11.1 10.00 87.00 97.00 NOTE
r-patched-linux-x86_64 0.11.1 7.14 58.25 65.39 NOTE
r-release-linux-x86_64 0.11.1 6.36 58.55 64.91 NOTE
r-release-macos-arm64 0.11.1 74.00 NOTE
r-release-macos-x86_64 0.11.1 123.00 NOTE
r-release-windows-x86_64 0.11.1 9.00 92.00 101.00 NOTE
r-oldrel-macos-arm64 0.11.1 46.00 NOTE
r-oldrel-macos-x86_64 0.11.1 69.00 NOTE
r-oldrel-windows-x86_64 0.11.1 12.00 100.00 112.00 NOTE

Check Details

Version: 0.11.1
Check: Rd files
Result: NOTE checkRd: (-1) manipulateWidget.Rd:113-117: Lost braces in \itemize; meant \describe ? checkRd: (-1) manipulateWidget.Rd:118-120: Lost braces in \itemize; meant \describe ? checkRd: (-1) manipulateWidget.Rd:121-123: Lost braces in \itemize; meant \describe ? checkRd: (-1) manipulateWidget.Rd:124-127: Lost braces in \itemize; meant \describe ? Flavors: r-devel-linux-x86_64-debian-clang, r-devel-linux-x86_64-debian-gcc, r-devel-linux-x86_64-fedora-clang, r-devel-linux-x86_64-fedora-gcc, r-devel-windows-x86_64, r-patched-linux-x86_64, r-release-linux-x86_64, r-release-macos-arm64, r-release-macos-x86_64, r-release-windows-x86_64, r-oldrel-macos-arm64, r-oldrel-macos-x86_64, r-oldrel-windows-x86_64

Version: 0.11.1
Check: HTML version of manual
Result: NOTE Found the following HTML validation problems: combineWidgets-shiny.html:68:1 (combineWidgets-shiny.Rd:25): Warning: missing </ul> before </div> knit_print.MWController.html:50:1 (knit_print.MWController.Rd:12): Warning: missing </ul> before </div> summary.MWController.html:51:1 (summary.MWController.Rd:12): Warning: missing </ul> before </div> Flavor: r-devel-linux-x86_64-debian-gcc