Last updated on 2025-07-02 18:52:35 CEST.
Flavor | Version | Tinstall | Tcheck | Ttotal | Status | Flags |
---|---|---|---|---|---|---|
r-devel-linux-x86_64-debian-clang | 0.3.5 | 19.23 | 154.53 | 173.76 | NOTE | |
r-devel-linux-x86_64-debian-gcc | 0.3.5 | 14.59 | 111.85 | 126.44 | NOTE | |
r-devel-linux-x86_64-fedora-clang | 0.3.5 | 269.69 | OK | |||
r-devel-linux-x86_64-fedora-gcc | 0.3.5 | 246.80 | OK | |||
r-devel-windows-x86_64 | 0.3.5 | 20.00 | 172.00 | 192.00 | OK | |
r-patched-linux-x86_64 | OK | |||||
r-release-linux-x86_64 | 0.3.5 | 17.89 | 141.32 | 159.21 | OK | |
r-release-macos-arm64 | 0.3.5 | 67.00 | OK | |||
r-release-macos-x86_64 | 0.3.5 | 126.00 | OK | |||
r-release-windows-x86_64 | 0.3.5 | 20.00 | 146.00 | 166.00 | OK | |
r-oldrel-macos-arm64 | 0.3.5 | 67.00 | OK | |||
r-oldrel-macos-x86_64 | 0.3.5 | 107.00 | OK | |||
r-oldrel-windows-x86_64 | 0.3.5 | 28.00 | 191.00 | 219.00 | OK |
Version: 0.3.5
Check: CRAN incoming feasibility
Result: NOTE
Maintainer: ‘Sacha Epskamp <mail@sachaepskamp.com>’
No Authors@R field in DESCRIPTION.
Please add one, modifying
Authors@R: person(given = "Sacha",
family = "Epskamp",
role = c("aut", "cre"),
email = "mail@sachaepskamp.com")
as necessary.
Flavors: r-devel-linux-x86_64-debian-clang, r-devel-linux-x86_64-debian-gcc