Last updated on 2025-07-19 08:48:40 CEST.
Flavor | Version | Tinstall | Tcheck | Ttotal | Status | Flags |
---|---|---|---|---|---|---|
r-devel-linux-x86_64-debian-clang | 0.6.11 | 173.31 | 101.34 | 274.65 | OK | |
r-devel-linux-x86_64-debian-gcc | 0.6.11 | 146.80 | 88.63 | 235.43 | OK | |
r-devel-linux-x86_64-fedora-clang | 0.6.11 | 418.91 | OK | |||
r-devel-linux-x86_64-fedora-gcc | 0.6.11 | 533.62 | OK | |||
r-devel-windows-x86_64 | 0.6.11 | 171.00 | 157.00 | 328.00 | OK | |
r-patched-linux-x86_64 | 0.6.11 | 198.78 | 118.80 | 317.58 | OK | |
r-release-linux-x86_64 | 0.6.11 | 191.32 | 117.52 | 308.84 | OK | |
r-release-macos-arm64 | 0.6.11 | 163.00 | OK | |||
r-release-macos-x86_64 | 0.6.11 | 181.00 | OK | |||
r-release-windows-x86_64 | 0.6.11 | 169.00 | 155.00 | 324.00 | OK | |
r-oldrel-macos-arm64 | 0.6.11 | 114.00 | NOTE | |||
r-oldrel-macos-x86_64 | 0.6.11 | 156.00 | NOTE | |||
r-oldrel-windows-x86_64 | 0.6.11 | 206.00 | 177.00 | 383.00 | OK |
Version: 0.6.11
Check: installed package size
Result: NOTE
installed size is 108.9Mb
sub-directories of 1Mb or more:
doc 1.6Mb
libs 106.6Mb
Flavors: r-oldrel-macos-arm64, r-oldrel-macos-x86_64