Last updated on 2025-10-24 11:50:50 CEST.
| Flavor | Version | Tinstall | Tcheck | Ttotal | Status | Flags |
|---|---|---|---|---|---|---|
| r-devel-linux-x86_64-debian-clang | 0.3.3 | 1.65 | 20.43 | 22.08 | OK | |
| r-devel-linux-x86_64-debian-gcc | 0.3.3 | 1.32 | 16.46 | 17.78 | OK | |
| r-devel-linux-x86_64-fedora-clang | 0.3.3 | 31.38 | OK | |||
| r-devel-linux-x86_64-fedora-gcc | 0.3.3 | 29.95 | OK | |||
| r-devel-windows-x86_64 | 0.3.3 | 3.00 | 46.00 | 49.00 | OK | |
| r-patched-linux-x86_64 | 0.3.3 | 1.76 | 19.80 | 21.56 | OK | |
| r-release-linux-x86_64 | 0.3.3 | 1.55 | 19.65 | 21.20 | OK | |
| r-release-macos-arm64 | 0.3.3 | 1.00 | 41.00 | 42.00 | OK | |
| r-release-macos-x86_64 | 0.3.3 | 2.00 | 45.00 | 47.00 | OK | |
| r-release-windows-x86_64 | 0.3.3 | 4.00 | 49.00 | 53.00 | OK | |
| r-oldrel-macos-arm64 | 0.3.3 | 1.00 | 47.00 | 48.00 | NOTE | |
| r-oldrel-macos-x86_64 | 0.3.3 | 1.00 | 49.00 | 50.00 | NOTE | |
| r-oldrel-windows-x86_64 | 0.3.3 | 4.00 | 50.00 | 54.00 | NOTE |
Version: 0.3.3
Check: LazyData
Result: NOTE
'LazyData' is specified without a 'data' directory
Flavors: r-oldrel-macos-arm64, r-oldrel-macos-x86_64, r-oldrel-windows-x86_64