Last updated on 2025-10-21 17:49:53 CEST.
Flavor | Version | Tinstall | Tcheck | Ttotal | Status | Flags |
---|---|---|---|---|---|---|
r-devel-linux-x86_64-debian-clang | 0.1.0 | 10.47 | 92.62 | 103.09 | OK | |
r-devel-linux-x86_64-debian-gcc | 0.1.0 | 8.13 | 68.70 | 76.83 | OK | |
r-devel-linux-x86_64-fedora-clang | 0.1.0 | 27.00 | 133.37 | 160.37 | NOTE | |
r-devel-linux-x86_64-fedora-gcc | 0.1.0 | 20.00 | 131.06 | 151.06 | NOTE | |
r-devel-windows-x86_64 | 0.1.0 | 11.00 | 99.00 | 110.00 | OK | |
r-patched-linux-x86_64 | 0.1.0 | 9.97 | 88.19 | 98.16 | OK | |
r-release-linux-x86_64 | 0.1.0 | 9.86 | 89.93 | 99.79 | OK | |
r-release-macos-arm64 | 0.1.0 | 6.00 | 47.00 | 53.00 | OK | |
r-release-macos-x86_64 | 0.1.0 | 17.00 | 100.00 | 117.00 | OK | |
r-release-windows-x86_64 | 0.1.0 | 12.00 | 100.00 | 112.00 | OK | |
r-oldrel-macos-arm64 | 0.1.0 | 4.00 | 37.00 | 41.00 | OK | |
r-oldrel-macos-x86_64 | 0.1.0 | 8.00 | 57.00 | 65.00 | OK | |
r-oldrel-windows-x86_64 | 0.1.0 | 16.00 | 121.00 | 137.00 | OK |
Version: 0.1.0
Check: dependencies in R code
Result: NOTE
Namespace in Imports field not imported from: ‘utils’
All declared Imports should be used.
Flavors: r-devel-linux-x86_64-fedora-clang, r-devel-linux-x86_64-fedora-gcc