Last updated on 2025-11-15 12:49:40 CET.
| Flavor | Version | Tinstall | Tcheck | Ttotal | Status | Flags |
|---|---|---|---|---|---|---|
| r-devel-linux-x86_64-debian-clang | 1.3.2 | 134.74 | 148.76 | 283.50 | OK | --no-vignettes |
| r-devel-linux-x86_64-debian-gcc | 1.3.2 | 113.71 | 104.84 | 218.55 | OK | --no-vignettes |
| r-devel-linux-x86_64-fedora-clang | 1.3.2 | 118.00 | 338.58 | 456.58 | OK | --no-vignettes |
| r-devel-linux-x86_64-fedora-gcc | 1.3.2 | 211.00 | 302.81 | 513.81 | OK | --no-vignettes |
| r-devel-windows-x86_64 | 1.3.2 | 170.00 | 203.00 | 373.00 | OK | --no-vignettes |
| r-patched-linux-x86_64 | 1.3.2 | 148.02 | 141.19 | 289.21 | OK | --no-vignettes |
| r-release-linux-x86_64 | 1.3.2 | 149.65 | 142.29 | 291.94 | OK | --no-vignettes |
| r-release-macos-arm64 | 1.3.2 | 53.00 | 1005.00 | 1058.00 | OK | |
| r-release-macos-x86_64 | 1.3.2 | 64.00 | 869.00 | 933.00 | OK | |
| r-release-windows-x86_64 | 1.3.2 | 157.00 | 206.00 | 363.00 | OK | --no-vignettes |
| r-oldrel-macos-arm64 | 1.3.2 | 52.00 | 866.00 | 918.00 | NOTE | |
| r-oldrel-macos-x86_64 | 1.3.2 | 63.00 | 737.00 | 800.00 | NOTE | |
| r-oldrel-windows-x86_64 | 1.3.2 | 185.00 | 226.00 | 411.00 | OK | --no-vignettes |
Version: 1.3.2
Check: installed package size
Result: NOTE
installed size is 20.8Mb
sub-directories of 1Mb or more:
libs 19.1Mb
Flavors: r-oldrel-macos-arm64, r-oldrel-macos-x86_64