Last updated on 2025-11-04 13:50:18 CET.
| Flavor | Version | Tinstall | Tcheck | Ttotal | Status | Flags | 
|---|---|---|---|---|---|---|
| r-devel-linux-x86_64-debian-clang | 0.1.0 | 3.31 | 91.29 | 94.60 | NOTE | |
| r-devel-linux-x86_64-debian-gcc | 0.1.0 | 2.48 | 62.00 | 64.48 | NOTE | |
| r-devel-linux-x86_64-fedora-clang | 0.1.0 | 144.50 | NOTE | |||
| r-devel-linux-x86_64-fedora-gcc | 0.1.0 | 154.24 | NOTE | |||
| r-devel-windows-x86_64 | 0.1.0 | 5.00 | 97.00 | 102.00 | NOTE | |
| r-patched-linux-x86_64 | 0.1.0 | 3.24 | 83.82 | 87.06 | NOTE | |
| r-release-linux-x86_64 | 0.1.0 | 3.19 | 84.55 | 87.74 | NOTE | |
| r-release-macos-arm64 | 0.1.0 | 2.00 | 50.00 | 52.00 | NOTE | |
| r-release-macos-x86_64 | 0.1.0 | 3.00 | 93.00 | 96.00 | NOTE | |
| r-release-windows-x86_64 | 0.1.0 | 5.00 | 97.00 | 102.00 | NOTE | |
| r-oldrel-macos-arm64 | 0.1.0 | 2.00 | 44.00 | 46.00 | NOTE | |
| r-oldrel-macos-x86_64 | 0.1.0 | 3.00 | 75.00 | 78.00 | NOTE | |
| r-oldrel-windows-x86_64 | 0.1.0 | 7.00 | 125.00 | 132.00 | NOTE | 
Version: 0.1.0
Check: Rd files
Result: NOTE
  checkRd: (-1) SSE_GIA.Rd:13: Lost braces in \itemize; meant \describe ?
  checkRd: (-1) SSE_GIA.Rd:14: Lost braces in \itemize; meant \describe ?
  checkRd: (-1) SSE_GIA.Rd:15: Lost braces in \itemize; meant \describe ?
  checkRd: (-1) boot_GIA.Rd:24: Lost braces in \itemize; meant \describe ?
  checkRd: (-1) boot_GIA.Rd:25: Lost braces in \itemize; meant \describe ?
  checkRd: (-1) boot_GIA.Rd:26: Lost braces in \itemize; meant \describe ?
  checkRd: (-1) boot_GIA.Rd:46: Lost braces in \itemize; \value handles \item{}{} directly
  checkRd: (-1) boot_GIA.Rd:47: Lost braces in \itemize; \value handles \item{}{} directly
  checkRd: (-1) boot_GIA.Rd:48: Lost braces in \itemize; \value handles \item{}{} directly
  checkRd: (-1) cyrpa_ripr.Rd:17: Lost braces
      17 | \item{exp{x}{y}rep{z}}{the results from experiment x, sub item y, repetition z}
         |          ^
  checkRd: (-1) cyrpa_ripr.Rd:17: Lost braces
      17 | \item{exp{x}{y}rep{z}}{the results from experiment x, sub item y, repetition z}
         |             ^
  checkRd: (-1) cyrpa_ripr.Rd:17: Lost braces
      17 | \item{exp{x}{y}rep{z}}{the results from experiment x, sub item y, repetition z}
         |                   ^
  checkRd: (-1) estimate_params.Rd:22: Lost braces in \itemize; meant \describe ?
  checkRd: (-1) estimate_params.Rd:23: Lost braces in \itemize; meant \describe ?
  checkRd: (-1) estimate_params.Rd:24: Lost braces in \itemize; meant \describe ?
  checkRd: (-1) estimate_params.Rd:44: Lost braces in \itemize; \value handles \item{}{} directly
  checkRd: (-1) estimate_params.Rd:45: Lost braces in \itemize; \value handles \item{}{} directly
  checkRd: (-1) estimate_params.Rd:46: Lost braces in \itemize; \value handles \item{}{} directly
  checkRd: (-1) estimate_params.Rd:47: Lost braces in \itemize; \value handles \item{}{} directly
  checkRd: (-1) rh5_ama1ron2.Rd:12: Lost braces
      12 | \item{exp{x}{y}rep{z}}{the results from experiment x, sub item y, repetition z}
         |          ^
  checkRd: (-1) rh5_ama1ron2.Rd:12: Lost braces
      12 | \item{exp{x}{y}rep{z}}{the results from experiment x, sub item y, repetition z}
         |             ^
  checkRd: (-1) rh5_ama1ron2.Rd:12: Lost braces
      12 | \item{exp{x}{y}rep{z}}{the results from experiment x, sub item y, repetition z}
         |                   ^
Flavors: r-devel-linux-x86_64-debian-clang, r-devel-linux-x86_64-debian-gcc, r-devel-linux-x86_64-fedora-clang, r-devel-linux-x86_64-fedora-gcc, r-devel-windows-x86_64, r-patched-linux-x86_64, r-release-linux-x86_64, r-release-macos-arm64, r-release-macos-x86_64, r-release-windows-x86_64, r-oldrel-macos-arm64, r-oldrel-macos-x86_64, r-oldrel-windows-x86_64