Last updated on 2025-10-31 07:51:49 CET.
| Flavor | Version | Tinstall | Tcheck | Ttotal | Status | Flags | 
|---|---|---|---|---|---|---|
| r-devel-linux-x86_64-debian-clang | 1.1-37 | 74.17 | 478.30 | 552.47 | OK | |
| r-devel-linux-x86_64-debian-gcc | 1.1-37 | 55.29 | 330.98 | 386.27 | OK | |
| r-devel-linux-x86_64-fedora-clang | 1.1-37 | 289.00 | 641.07 | 930.07 | OK | |
| r-devel-linux-x86_64-fedora-gcc | 1.1-37 | 131.00 | 751.92 | 882.92 | OK | |
| r-devel-windows-x86_64 | 1.1-37 | 82.00 | 421.00 | 503.00 | OK | |
| r-patched-linux-x86_64 | 1.1-37 | 76.84 | 453.50 | 530.34 | OK | |
| r-release-linux-x86_64 | 1.1-37 | 80.93 | 456.08 | 537.01 | OK | |
| r-release-macos-arm64 | 1.1-37 | 32.00 | 227.00 | 259.00 | NOTE | |
| r-release-macos-x86_64 | 1.1-37 | 57.00 | 518.00 | 575.00 | NOTE | |
| r-release-windows-x86_64 | 1.1-37 | 86.00 | 417.00 | 503.00 | OK | |
| r-oldrel-macos-arm64 | 1.1-37 | 33.00 | 190.00 | 223.00 | NOTE | |
| r-oldrel-macos-x86_64 | 1.1-37 | 50.00 | 340.00 | 390.00 | NOTE | |
| r-oldrel-windows-x86_64 | 1.1-37 | 103.00 | 514.00 | 617.00 | NOTE | 
Version: 1.1-37
Check: compiled code
Result: NOTE
  File ‘lme4/libs/lme4.so’:
    Found non-API call to R: ‘CLOENV’
  
  Compiled code should not call non-API entry points in R.
  
  See ‘Writing portable packages’ in the ‘Writing R Extensions’ manual,
  and section ‘Moving into C API compliance’ for issues with the use of
  non-API entry points.
Flavors: r-release-macos-arm64, r-release-macos-x86_64
Version: 1.1-37
Check: installed package size
Result: NOTE
    installed size is 27.4Mb
    sub-directories of 1Mb or more:
      R          1.5Mb
      doc        1.6Mb
      libs      22.2Mb
      testdata   1.3Mb
Flavors: r-oldrel-macos-arm64, r-oldrel-macos-x86_64, r-oldrel-windows-x86_64