CRAN Package Check Results for Package litedown

Last updated on 2025-11-03 03:49:46 CET.

Flavor Version Tinstall Tcheck Ttotal Status Flags
r-devel-linux-x86_64-debian-clang 0.7 5.99 44.25 50.24 NOTE
r-devel-linux-x86_64-debian-gcc 0.8 4.02 32.48 36.50 OK
r-devel-linux-x86_64-fedora-clang 0.8 30.00 49.98 79.98 OK
r-devel-linux-x86_64-fedora-gcc 0.7 37.00 53.58 90.58 OK
r-devel-windows-x86_64 0.7 8.00 57.00 65.00 OK
r-patched-linux-x86_64 0.7 6.52 39.63 46.15 OK
r-release-linux-x86_64 0.7 5.04 39.38 44.42 OK
r-release-macos-arm64 0.8 3.00 74.00 77.00 OK
r-release-macos-x86_64 0.8 5.00 101.00 106.00 OK
r-release-windows-x86_64 0.7 8.00 56.00 64.00 OK
r-oldrel-macos-arm64 0.8 3.00 84.00 87.00 OK
r-oldrel-macos-x86_64 0.8 6.00 104.00 110.00 OK
r-oldrel-windows-x86_64 0.8 7.00 54.00 61.00 OK

Check Details

Version: 0.7
Check: DESCRIPTION meta-information
Result: NOTE Author field differs from that derived from Authors@R Author: ‘Yihui Xie [aut, cre] (<https://orcid.org/0000-0003-0645-5666>, https://yihui.org), Tim Taylor [ctb] (<https://orcid.org/0000-0002-8587-7113>)’ Authors@R: ‘Yihui Xie [aut, cre] (ORCID: <https://orcid.org/0000-0003-0645-5666>, URL: https://yihui.org), Tim Taylor [ctb] (ORCID: <https://orcid.org/0000-0002-8587-7113>)’ Flavor: r-devel-linux-x86_64-debian-clang