Last updated on 2025-10-20 23:50:10 CEST.
Flavor | Version | Tinstall | Tcheck | Ttotal | Status | Flags |
---|---|---|---|---|---|---|
r-devel-linux-x86_64-debian-clang | 4.0.0 | 2.50 | 26.96 | 29.46 | OK | |
r-devel-linux-x86_64-debian-gcc | 4.0.0 | 1.93 | 21.94 | 23.87 | NOTE | |
r-devel-linux-x86_64-fedora-clang | 4.0.0 | 42.53 | OK | |||
r-devel-linux-x86_64-fedora-gcc | 4.0.0 | 39.80 | OK | |||
r-devel-windows-x86_64 | 4.0.0 | 5.00 | 45.00 | 50.00 | OK | |
r-patched-linux-x86_64 | 4.0.0 | 2.54 | 24.72 | 27.26 | OK | |
r-release-linux-x86_64 | 4.0.0 | 1.92 | 24.32 | 26.24 | OK | |
r-release-macos-arm64 | 4.0.0 | 19.00 | OK | |||
r-release-macos-x86_64 | 4.0.0 | 35.00 | OK | |||
r-release-windows-x86_64 | 4.0.0 | 5.00 | 47.00 | 52.00 | OK | |
r-oldrel-macos-arm64 | 4.0.0 | 19.00 | OK | |||
r-oldrel-macos-x86_64 | 4.0.0 | 24.00 | OK | |||
r-oldrel-windows-x86_64 | 4.0.0 | 5.00 | 50.00 | 55.00 | OK |
Version: 4.0.0
Check: HTML version of manual
Result: NOTE
Found the following HTML validation problems:
jsonedit-shiny.html:68:1 (jsonedit-shiny.Rd:25): Warning: missing </ul> before </div>
reactjson-shiny.html:68:1 (reactjson-shiny.Rd:25): Warning: missing </ul> before </div>
recurse.html:55:1 (recurse.Rd:14): Warning: missing </ul> before </div>
Flavor: r-devel-linux-x86_64-debian-gcc