Last updated on 2025-10-30 19:53:28 CET.
| Flavor | Version | Tinstall | Tcheck | Ttotal | Status | Flags | 
|---|---|---|---|---|---|---|
| r-devel-linux-x86_64-debian-clang | 2024.4.0 | 2.32 | 26.81 | 29.13 | NOTE | |
| r-devel-linux-x86_64-debian-gcc | 2024.4.0 | 1.76 | 22.75 | 24.51 | NOTE | |
| r-devel-linux-x86_64-fedora-clang | 2024.4.0 | 43.83 | NOTE | |||
| r-devel-linux-x86_64-fedora-gcc | 2024.4.0 | 37.99 | NOTE | |||
| r-devel-windows-x86_64 | 2024.4.0 | 5.00 | 42.00 | 47.00 | NOTE | |
| r-patched-linux-x86_64 | 2024.4.0 | 2.43 | 24.69 | 27.12 | NOTE | |
| r-release-linux-x86_64 | 2024.4.0 | 2.47 | 24.85 | 27.32 | NOTE | |
| r-release-macos-arm64 | 2024.4.0 | 2.00 | 20.00 | 22.00 | NOTE | |
| r-release-macos-x86_64 | 2024.4.0 | 3.00 | 27.00 | 30.00 | NOTE | |
| r-release-windows-x86_64 | 2024.4.0 | 4.00 | 45.00 | 49.00 | NOTE | |
| r-oldrel-macos-arm64 | 2024.4.0 | 1.00 | 18.00 | 19.00 | OK | |
| r-oldrel-macos-x86_64 | 2024.4.0 | 2.00 | 27.00 | 29.00 | OK | |
| r-oldrel-windows-x86_64 | 2024.4.0 | 5.00 | 51.00 | 56.00 | OK | 
Version: 2024.4.0
Check: DESCRIPTION meta-information
Result: NOTE
    Missing dependency on R >= 4.1.0 because package code uses the pipe
    |> or function shorthand \(...) syntax added in R 4.1.0.
    File(s) using such syntax:
      ‘auto.R’
Flavors: r-devel-linux-x86_64-debian-clang, r-devel-linux-x86_64-debian-gcc, r-devel-linux-x86_64-fedora-clang, r-devel-linux-x86_64-fedora-gcc, r-devel-windows-x86_64, r-patched-linux-x86_64, r-release-linux-x86_64, r-release-macos-arm64, r-release-macos-x86_64, r-release-windows-x86_64