CRAN Package Check Results for Package linguisticsdown

Last updated on 2025-10-21 17:49:52 CEST.

Flavor Version Tinstall Tcheck Ttotal Status Flags
r-devel-linux-x86_64-debian-clang 1.2.0 3.63 37.66 41.29 NOTE
r-devel-linux-x86_64-debian-gcc 1.2.0 3.42 29.84 33.26 NOTE
r-devel-linux-x86_64-fedora-clang 1.2.0 61.56 OK
r-devel-linux-x86_64-fedora-gcc 1.2.0 59.01 OK
r-devel-windows-x86_64 1.2.0 6.00 55.00 61.00 OK
r-patched-linux-x86_64 1.2.0 3.29 34.00 37.29 OK
r-release-linux-x86_64 1.2.0 3.65 34.66 38.31 OK
r-release-macos-arm64 1.2.0 2.00 24.00 26.00 OK
r-release-macos-x86_64 1.2.0 3.00 42.00 45.00 OK
r-release-windows-x86_64 1.2.0 7.00 56.00 63.00 OK
r-oldrel-macos-arm64 1.2.0 2.00 20.00 22.00 NOTE
r-oldrel-macos-x86_64 1.2.0 3.00 30.00 33.00 NOTE
r-oldrel-windows-x86_64 1.2.0 8.00 64.00 72.00 NOTE

Check Details

Version: 1.2.0
Check: CRAN incoming feasibility
Result: NOTE Maintainer: ‘Yongfu Liao <liao961120@gmail.com>’ Found the following (possibly) invalid file URI: URI: /../../issues/3 From: README.md Flavors: r-devel-linux-x86_64-debian-clang, r-devel-linux-x86_64-debian-gcc

Version: 1.2.0
Check: HTML version of manual
Result: NOTE Found the following HTML validation problems: cond_cmpl.html:49:1 (cond_cmpl.Rd:10): Warning: missing </ul> before </div> Flavors: r-devel-linux-x86_64-debian-clang, r-devel-linux-x86_64-debian-gcc

Version: 1.2.0
Check: LazyData
Result: NOTE 'LazyData' is specified without a 'data' directory Flavors: r-oldrel-macos-arm64, r-oldrel-macos-x86_64, r-oldrel-windows-x86_64