CRAN Package Check Results for Package lime

Last updated on 2025-07-19 14:48:30 CEST.

Flavor Version Tinstall Tcheck Ttotal Status Flags
r-devel-linux-x86_64-debian-clang 0.5.3 32.20 160.33 192.53 NOTE
r-devel-linux-x86_64-debian-gcc 0.5.3 23.51 113.64 137.15 NOTE
r-devel-linux-x86_64-fedora-clang 0.5.3 348.07 OK
r-devel-linux-x86_64-fedora-gcc 0.5.3 348.68 OK
r-devel-windows-x86_64 0.5.3 38.00 184.00 222.00 OK
r-patched-linux-x86_64 0.5.3 31.83 151.67 183.50 NOTE
r-release-linux-x86_64 0.5.3 31.56 150.55 182.11 NOTE
r-release-macos-arm64 0.5.3 127.00 OK
r-release-macos-x86_64 0.5.3 150.00 OK
r-release-windows-x86_64 0.5.3 37.00 177.00 214.00 OK
r-oldrel-macos-arm64 0.5.3 86.00 OK
r-oldrel-macos-x86_64 0.5.3 125.00 OK
r-oldrel-windows-x86_64 0.5.3 46.00 238.00 284.00 OK

Check Details

Version: 0.5.3
Check: CRAN incoming feasibility
Result: NOTE Maintainer: ‘Emil Hvitfeldt <emilhhvitfeldt@gmail.com>’ The Description field contains (2016) <arXiv:1602.04938>. Please refer to arXiv e-prints via their arXiv DOI <doi:10.48550/arXiv.YYMM.NNNNN>. Flavors: r-devel-linux-x86_64-debian-clang, r-devel-linux-x86_64-debian-gcc

Version: 0.5.3
Check: for unstated dependencies in ‘demo’
Result: NOTE 'library' or 'require' calls not declared from: ‘data.table’ ‘magrittr’ ‘purrr’ Flavors: r-devel-linux-x86_64-debian-clang, r-devel-linux-x86_64-debian-gcc, r-patched-linux-x86_64, r-release-linux-x86_64