Last updated on 2025-10-23 23:49:34 CEST.
| Flavor | Version | Tinstall | Tcheck | Ttotal | Status | Flags |
|---|---|---|---|---|---|---|
| r-devel-linux-x86_64-debian-clang | 1.0.4 | 3.02 | 46.27 | 49.29 | NOTE | |
| r-devel-linux-x86_64-debian-gcc | 1.0.4 | 2.34 | 35.71 | 38.05 | OK | |
| r-devel-linux-x86_64-fedora-clang | 1.0.4 | 75.66 | OK | |||
| r-devel-linux-x86_64-fedora-gcc | 1.0.4 | 86.91 | OK | |||
| r-devel-windows-x86_64 | 1.0.4 | 6.00 | 70.00 | 76.00 | OK | |
| r-patched-linux-x86_64 | 1.0.4 | 3.53 | 43.47 | 47.00 | OK | |
| r-release-linux-x86_64 | 1.0.4 | 2.98 | 42.44 | 45.42 | OK | |
| r-release-macos-arm64 | 1.0.4 | 2.00 | 42.00 | 44.00 | OK | |
| r-release-macos-x86_64 | 1.0.4 | 3.00 | 75.00 | 78.00 | OK | |
| r-release-windows-x86_64 | 1.0.4 | 7.00 | 65.00 | 72.00 | OK | |
| r-oldrel-macos-arm64 | 1.0.4 | 1.00 | 31.00 | 32.00 | OK | |
| r-oldrel-macos-x86_64 | 1.0.4 | 2.00 | 52.00 | 54.00 | OK | |
| r-oldrel-windows-x86_64 | 1.0.4 | 5.00 | 75.00 | 80.00 | OK |
Version: 1.0.4
Check: HTML version of manual
Result: NOTE
Found the following HTML validation problems:
lint_lifecycle.html:98:1 (lint_lifecycle.Rd:42): Warning: missing </ul> before </div>
Flavor: r-devel-linux-x86_64-debian-clang