Last updated on 2025-10-24 11:50:50 CEST.
| Flavor | Version | Tinstall | Tcheck | Ttotal | Status | Flags |
|---|---|---|---|---|---|---|
| r-devel-linux-x86_64-debian-clang | 1.0.5 | 12.80 | 27.65 | 40.45 | OK | |
| r-devel-linux-x86_64-debian-gcc | 1.0.5 | 9.99 | 22.87 | 32.86 | OK | |
| r-devel-linux-x86_64-fedora-clang | 1.0.5 | 51.00 | 19.36 | 70.36 | OK | |
| r-devel-linux-x86_64-fedora-gcc | 1.0.5 | 33.00 | 32.31 | 65.31 | OK | |
| r-devel-windows-x86_64 | 1.0.5 | 21.00 | 74.00 | 95.00 | OK | |
| r-patched-linux-x86_64 | 1.0.5 | 13.84 | 26.71 | 40.55 | OK | |
| r-release-linux-x86_64 | 1.0.5 | 13.49 | 26.71 | 40.20 | OK | |
| r-release-macos-arm64 | 1.0.5 | 8.00 | 22.00 | 30.00 | OK | |
| r-release-macos-x86_64 | 1.0.5 | 11.00 | 27.00 | 38.00 | OK | |
| r-release-windows-x86_64 | 1.0.5 | 24.00 | 74.00 | 98.00 | OK | |
| r-oldrel-macos-arm64 | 1.0.5 | 6.00 | 21.00 | 27.00 | OK | |
| r-oldrel-macos-x86_64 | 1.0.5 | 11.00 | 31.00 | 42.00 | NOTE | |
| r-oldrel-windows-x86_64 | 1.0.5 | 23.00 | 87.00 | 110.00 | OK |
Version: 1.0.5
Check: installed package size
Result: NOTE
installed size is 5.1Mb
sub-directories of 1Mb or more:
libs 4.9Mb
Flavor: r-oldrel-macos-x86_64