Last updated on 2025-07-19 08:48:39 CEST.
Flavor | Version | Tinstall | Tcheck | Ttotal | Status | Flags |
---|---|---|---|---|---|---|
r-devel-linux-x86_64-debian-clang | 5.0 | 28.36 | 348.75 | 377.11 | NOTE | |
r-devel-linux-x86_64-debian-gcc | 5.0 | 17.26 | 222.01 | 239.27 | NOTE | |
r-devel-linux-x86_64-fedora-clang | 5.0 | 581.48 | OK | |||
r-devel-linux-x86_64-fedora-gcc | 5.0 | 573.06 | OK | |||
r-devel-windows-x86_64 | 5.0 | 25.00 | 287.00 | 312.00 | NOTE | |
r-patched-linux-x86_64 | 5.0 | 26.14 | 330.11 | 356.25 | NOTE | |
r-release-linux-x86_64 | 5.0 | 26.91 | 329.17 | 356.08 | NOTE | |
r-release-macos-arm64 | 5.0 | 246.00 | OK | |||
r-release-macos-x86_64 | 5.0 | 368.00 | OK | |||
r-release-windows-x86_64 | 5.0 | 24.00 | 280.00 | 304.00 | NOTE | |
r-oldrel-macos-arm64 | 5.0 | 134.00 | OK | |||
r-oldrel-macos-x86_64 | 5.0 | 232.00 | OK | |||
r-oldrel-windows-x86_64 | 5.0 | 37.00 | 391.00 | 428.00 | OK |
Version: 5.0
Check: Rd cross-references
Result: NOTE
Found the following Rd file(s) with Rd \link{} targets missing package
anchors:
lets.presab.Rd: terra, sf
lets.presab.grid.Rd: terra, sf
lets.shFilter.Rd: terra, sf
Please provide package anchors for all Rd \link{} targets not in the
package itself and the base packages.
Flavors: r-devel-linux-x86_64-debian-clang, r-devel-linux-x86_64-debian-gcc, r-devel-windows-x86_64, r-patched-linux-x86_64, r-release-linux-x86_64, r-release-windows-x86_64