Last updated on 2025-11-21 02:50:25 CET.
| Flavor | Version | Tinstall | Tcheck | Ttotal | Status | Flags |
|---|---|---|---|---|---|---|
| r-devel-linux-x86_64-debian-clang | 1.0.0 | 65.65 | 33.07 | 98.72 | OK | |
| r-devel-linux-x86_64-debian-gcc | 1.0.0 | 51.73 | 31.95 | 83.68 | OK | |
| r-devel-linux-x86_64-fedora-clang | 1.0.0 | 123.00 | 31.98 | 154.98 | OK | |
| r-devel-linux-x86_64-fedora-gcc | 1.0.0 | 174.00 | 8.41 | 182.41 | OK | |
| r-devel-windows-x86_64 | 1.0.0 | 74.00 | 75.00 | 149.00 | OK | |
| r-patched-linux-x86_64 | 1.0.0 | 72.47 | 37.06 | 109.53 | OK | |
| r-release-linux-x86_64 | 1.0.0 | 67.03 | 37.37 | 104.40 | OK | |
| r-release-macos-arm64 | 1.0.0 | OK | ||||
| r-release-macos-x86_64 | 1.0.0 | 71.00 | 37.00 | 108.00 | OK | |
| r-release-windows-x86_64 | 1.0.0 | 67.00 | 74.00 | 141.00 | OK | |
| r-oldrel-macos-arm64 | 1.0.0 | NOTE | ||||
| r-oldrel-macos-x86_64 | 1.0.0 | 55.00 | 32.00 | 87.00 | NOTE | |
| r-oldrel-windows-x86_64 | 1.0.0 | 82.00 | 88.00 | 170.00 | OK |
Version: 1.0.0
Check: installed package size
Result: NOTE
installed size is 38.2Mb
sub-directories of 1Mb or more:
libs 37.8Mb
Flavors: r-oldrel-macos-arm64, r-oldrel-macos-x86_64