Last updated on 2025-10-21 17:49:52 CEST.
Flavor | Version | Tinstall | Tcheck | Ttotal | Status | Flags |
---|---|---|---|---|---|---|
r-devel-linux-x86_64-debian-clang | 2.0.1 | 4.49 | 51.87 | 56.36 | NOTE | |
r-devel-linux-x86_64-debian-gcc | 2.0.1 | 3.41 | 38.19 | 41.60 | NOTE | |
r-devel-linux-x86_64-fedora-clang | 2.0.1 | 14.00 | 73.68 | 87.68 | OK | |
r-devel-linux-x86_64-fedora-gcc | 2.0.1 | 79.95 | OK | |||
r-devel-windows-x86_64 | 2.0.1 | 8.00 | 76.00 | 84.00 | OK | |
r-patched-linux-x86_64 | 2.0.1 | 5.47 | 49.16 | 54.63 | OK | |
r-release-linux-x86_64 | 2.0.1 | 3.90 | 49.57 | 53.47 | OK | |
r-release-macos-arm64 | 2.0.1 | 2.00 | 35.00 | 37.00 | OK | |
r-release-macos-x86_64 | 2.0.1 | 4.00 | 49.00 | 53.00 | OK | |
r-release-windows-x86_64 | 2.0.1 | 9.00 | 77.00 | 86.00 | OK | |
r-oldrel-macos-arm64 | 2.0.1 | 2.00 | 30.00 | 32.00 | OK | |
r-oldrel-macos-x86_64 | 2.0.1 | 5.00 | 70.00 | 75.00 | OK | |
r-oldrel-windows-x86_64 | 2.0.1 | 10.00 | 92.00 | 102.00 | OK |
Version: 2.0.1
Check: HTML version of manual
Result: NOTE
Found the following HTML validation problems:
addAwesomeMarkersDependencies.html:50:1 (addAwesomeMarkersDependencies.Rd:12): Warning: missing </ul> before </div>
addBootstrapDependency.html:46:1 (addBootstrapDependency.Rd:10): Warning: missing </ul> before </div>
debugMap.html:46:1 (debugMap.Rd:10): Warning: missing </ul> before </div>
draw-options.html:270:1 (draw-options.Rd:164): Warning: missing </ul> before </div>
edithandlersOptions.html:54:1 (edithandlersOptions.Rd:16): Warning: missing </ul> before </div>
edittoolbarOptions.html:56:1 (edittoolbarOptions.Rd:18): Warning: missing </ul> before </div>
search-options.html:206:1 (search-options.Rd:109): Warning: missing </ul> before </div>
Flavors: r-devel-linux-x86_64-debian-clang, r-devel-linux-x86_64-debian-gcc