Last updated on 2025-10-31 07:51:49 CET.
| Flavor | Version | Tinstall | Tcheck | Ttotal | Status | Flags | 
|---|---|---|---|---|---|---|
| r-devel-linux-x86_64-debian-clang | 1.1.4 | 8.15 | 80.64 | 88.79 | NOTE | |
| r-devel-linux-x86_64-debian-gcc | 1.1.4 | 6.72 | 57.15 | 63.87 | NOTE | |
| r-devel-linux-x86_64-fedora-clang | 1.1.4 | 40.00 | 105.92 | 145.92 | NOTE | |
| r-devel-linux-x86_64-fedora-gcc | 1.1.4 | 40.00 | 102.02 | 142.02 | NOTE | |
| r-devel-windows-x86_64 | 1.1.4 | 12.00 | 94.00 | 106.00 | NOTE | |
| r-patched-linux-x86_64 | 1.1.4 | 10.44 | 75.93 | 86.37 | NOTE | |
| r-release-linux-x86_64 | 1.1.4 | 9.27 | 75.90 | 85.17 | NOTE | |
| r-release-macos-arm64 | 1.1.4 | 5.00 | 34.00 | 39.00 | OK | |
| r-release-macos-x86_64 | 1.1.4 | 7.00 | 55.00 | 62.00 | OK | |
| r-release-windows-x86_64 | 1.1.4 | 12.00 | 96.00 | 108.00 | NOTE | |
| r-oldrel-macos-arm64 | 1.1.4 | 4.00 | 30.00 | 34.00 | OK | |
| r-oldrel-macos-x86_64 | 1.1.4 | 6.00 | 44.00 | 50.00 | OK | |
| r-oldrel-windows-x86_64 | 1.1.4 | 16.00 | 116.00 | 132.00 | OK | 
Version: 1.1.4
Check: CRAN incoming feasibility
Result: NOTE
  Maintainer: ‘Thiago de Paula Oliveira <thiago.paula.oliveira@alumni.usp.br>’
  
  Package CITATION file contains call(s) to old-style citEntry().  Please
  use bibentry() instead.
Flavors: r-devel-linux-x86_64-debian-clang, r-devel-linux-x86_64-debian-gcc
Version: 1.1.4
Check: Rd files
Result: NOTE
  checkRd: (-1) hue.Rd:20-27: Only 3 columns allowed in this table (row 1 has 2)
  checkRd: (-1) hue.Rd:20-27: Only 3 columns allowed in this table (row 2 has 2)
  checkRd: (-1) hue.Rd:20-27: Only 3 columns allowed in this table (row 3 has 2)
  checkRd: (-1) hue.Rd:20-27: Only 3 columns allowed in this table (row 4 has 2)
  checkRd: (-1) hue.Rd:20-27: Only 3 columns allowed in this table (row 5 has 2)
  checkRd: (-1) simulated_hue.Rd:15-21: Only 3 columns allowed in this table (row 1 has 2)
  checkRd: (-1) simulated_hue.Rd:15-21: Only 3 columns allowed in this table (row 2 has 2)
  checkRd: (-1) simulated_hue.Rd:15-21: Only 3 columns allowed in this table (row 3 has 2)
  checkRd: (-1) simulated_hue.Rd:15-21: Only 3 columns allowed in this table (row 4 has 2)
  checkRd: (-1) simulated_hue.Rd:15-21: Only 3 columns allowed in this table (row 5 has 2)
  checkRd: (-1) simulated_hue_block.Rd:14-22: Only 3 columns allowed in this table (row 1 has 2)
  checkRd: (-1) simulated_hue_block.Rd:14-22: Only 3 columns allowed in this table (row 2 has 2)
  checkRd: (-1) simulated_hue_block.Rd:14-22: Only 3 columns allowed in this table (row 3 has 2)
  checkRd: (-1) simulated_hue_block.Rd:14-22: Only 3 columns allowed in this table (row 4 has 2)
  checkRd: (-1) simulated_hue_block.Rd:14-22: Only 3 columns allowed in this table (row 5 has 2)
  checkRd: (-1) simulated_hue_block.Rd:14-22: Only 3 columns allowed in this table (row 6 has 2)
Flavors: r-devel-linux-x86_64-debian-clang, r-devel-linux-x86_64-debian-gcc, r-devel-linux-x86_64-fedora-clang, r-devel-linux-x86_64-fedora-gcc
Version: 1.1.4
Check: Rd cross-references
Result: NOTE
  Found the following Rd file(s) with Rd \link{} targets missing package
  anchors:
    anova.lcc.Rd: anova.lme, nlme
    coef.lcc.Rd: nlme
    getVarCov.lcc.Rd: nlme
    lcc.Rd: nlme
    logLik.lcc.Rd: nlme
    print.anova.lcc.Rd: anova.lme, nlme
    ranef.lcc.Rd: nlme
    residuals.lcc.Rd: nlme
    vcov.lcc.Rd: nlme
  Please provide package anchors for all Rd \link{} targets not in the
  package itself and the base packages.
Flavors: r-devel-linux-x86_64-debian-clang, r-devel-linux-x86_64-debian-gcc, r-devel-windows-x86_64, r-patched-linux-x86_64, r-release-linux-x86_64, r-release-windows-x86_64