Last updated on 2025-10-31 14:49:45 CET.
| Flavor | Version | Tinstall | Tcheck | Ttotal | Status | Flags | 
|---|---|---|---|---|---|---|
| r-devel-linux-x86_64-debian-clang | 0.5.1 | 5.23 | 40.63 | 45.86 | NOTE | |
| r-devel-linux-x86_64-debian-gcc | 0.5.1 | 3.84 | 30.72 | 34.56 | NOTE | |
| r-devel-linux-x86_64-fedora-clang | 0.5.1 | 25.00 | 46.89 | 71.89 | OK | |
| r-devel-linux-x86_64-fedora-gcc | 0.5.1 | 64.55 | OK | |||
| r-devel-windows-x86_64 | 0.5.1 | 7.00 | 59.00 | 66.00 | OK | |
| r-patched-linux-x86_64 | 0.5.1 | 5.11 | 38.41 | 43.52 | OK | |
| r-release-linux-x86_64 | 0.5.1 | 4.47 | 38.86 | 43.33 | OK | |
| r-release-macos-arm64 | 0.5.1 | 3.00 | 27.00 | 30.00 | OK | |
| r-release-macos-x86_64 | 0.5.1 | 5.00 | 38.00 | 43.00 | OK | |
| r-release-windows-x86_64 | 0.5.1 | 8.00 | 61.00 | 69.00 | OK | |
| r-oldrel-macos-arm64 | 0.5.1 | 3.00 | 24.00 | 27.00 | OK | |
| r-oldrel-macos-x86_64 | 0.5.1 | 4.00 | 36.00 | 40.00 | OK | |
| r-oldrel-windows-x86_64 | 0.5.1 | 8.00 | 71.00 | 79.00 | OK | 
Version: 0.5.1
Check: CRAN incoming feasibility
Result: NOTE
  Maintainer: ‘Jordan S Read <jread@usgs.gov>’
  
  No Authors@R field in DESCRIPTION.
  Please add one, modifying
    Authors@R: person(given = c("Jordan", "S"),
                      family = "Read",
                      role = c("aut", "cre"),
                      email = "jread@usgs.gov")
  as necessary.
  
  Package CITATION file contains call(s) to old-style personList() or
  as.personList().  Please use c() on person objects instead.
  Package CITATION file contains call(s) to old-style citEntry().  Please
  use bibentry() instead.
  
  The Description field contains
    (http://www.laketemperature.org). See citation('laketemps') for dataset
  Please enclose URLs in angle brackets (<...>).
Flavors: r-devel-linux-x86_64-debian-clang, r-devel-linux-x86_64-debian-gcc