CRAN Package Check Results for Package lacrmr

Last updated on 2025-07-21 02:51:05 CEST.

Flavor Version Tinstall Tcheck Ttotal Status Flags
r-devel-linux-x86_64-debian-clang 1.0.5 4.05 39.70 43.75 OK
r-devel-linux-x86_64-debian-gcc 1.0.5 2.65 30.31 32.96 OK
r-devel-linux-x86_64-fedora-clang 1.0.5 71.23 NOTE
r-devel-linux-x86_64-fedora-gcc 1.0.5 84.42 NOTE
r-devel-windows-x86_64 1.0.5 5.00 59.00 64.00 OK
r-patched-linux-x86_64 1.0.5 3.38 36.67 40.05 OK
r-release-linux-x86_64 1.0.5 3.82 36.70 40.52 OK
r-release-macos-arm64 1.0.5 33.00 OK
r-release-macos-x86_64 1.0.5 58.00 OK
r-release-windows-x86_64 1.0.5 5.00 56.00 61.00 OK
r-oldrel-macos-arm64 1.0.5 38.00 OK
r-oldrel-macos-x86_64 1.0.5 52.00 OK
r-oldrel-windows-x86_64 1.0.5 8.00 68.00 76.00 OK

Check Details

Version: 1.0.5
Check: dependencies in R code
Result: NOTE Namespace in Imports field not imported from: ‘stringr’ All declared Imports should be used. Flavors: r-devel-linux-x86_64-fedora-clang, r-devel-linux-x86_64-fedora-gcc