Last updated on 2025-10-31 01:49:01 CET.
| Flavor | Version | Tinstall | Tcheck | Ttotal | Status | Flags | 
|---|---|---|---|---|---|---|
| r-devel-linux-x86_64-debian-clang | 1.0.0 | 2.04 | 31.45 | 33.49 | NOTE | |
| r-devel-linux-x86_64-debian-gcc | 1.0.0 | 1.77 | 24.17 | 25.94 | NOTE | |
| r-devel-linux-x86_64-fedora-clang | 1.0.0 | 50.61 | OK | |||
| r-devel-linux-x86_64-fedora-gcc | 1.0.0 | 45.69 | OK | |||
| r-devel-windows-x86_64 | 1.0.0 | 3.00 | 51.00 | 54.00 | OK | |
| r-patched-linux-x86_64 | 1.0.0 | 2.49 | 28.46 | 30.95 | OK | |
| r-release-linux-x86_64 | 1.0.0 | 2.25 | 29.26 | 31.51 | OK | |
| r-release-macos-arm64 | 1.0.0 | 1.00 | 20.00 | 21.00 | OK | |
| r-release-macos-x86_64 | 1.0.0 | 2.00 | 31.00 | 33.00 | OK | |
| r-release-windows-x86_64 | 1.0.0 | 3.00 | 52.00 | 55.00 | OK | |
| r-oldrel-macos-arm64 | 1.0.0 | 1.00 | 17.00 | 18.00 | OK | |
| r-oldrel-macos-x86_64 | 1.0.0 | 2.00 | 27.00 | 29.00 | OK | |
| r-oldrel-windows-x86_64 | 1.0.0 | 5.00 | 59.00 | 64.00 | OK | 
Version: 1.0.0
Check: CRAN incoming feasibility
Result: NOTE
  Maintainer: ‘Matthew Trupiano <matthew.trupiano.professional@gmail.com>’
  
  No Authors@R field in DESCRIPTION.
  Please add one, modifying
    Authors@R: person(given = "Matthew",
                      family = "Trupiano",
                      role = c("aut", "cre"),
                      email = "matthew.trupiano.professional@gmail.com")
  as necessary.
  
  The Description field contains
    similarity metric please see Trupiano (2021) <arXiv:2112.06266>.
  Please refer to arXiv e-prints via their arXiv DOI <doi:10.48550/arXiv.YYMM.NNNNN>.
Flavors: r-devel-linux-x86_64-debian-clang, r-devel-linux-x86_64-debian-gcc