Last updated on 2025-07-25 13:50:23 CEST.
Flavor | Version | Tinstall | Tcheck | Ttotal | Status | Flags |
---|---|---|---|---|---|---|
r-devel-linux-x86_64-debian-clang | 1.0.1.9 | 19.78 | 148.44 | 168.22 | OK | |
r-devel-linux-x86_64-debian-gcc | 1.0.1.9 | 16.34 | 107.71 | 124.05 | OK | |
r-devel-linux-x86_64-fedora-clang | 1.0.1.9 | 260.79 | OK | |||
r-devel-linux-x86_64-fedora-gcc | 1.0.1.9 | 262.90 | OK | |||
r-devel-windows-x86_64 | 1.0.1.9 | 24.00 | 136.00 | 160.00 | OK | |
r-patched-linux-x86_64 | 1.0.1.9 | 20.04 | 134.32 | 154.36 | OK | |
r-release-linux-x86_64 | 1.0.1.9 | 21.65 | 137.85 | 159.50 | OK | |
r-release-macos-arm64 | 1.0.1.9 | 87.00 | OK | |||
r-release-macos-x86_64 | 1.0.1.9 | 144.00 | OK | |||
r-release-windows-x86_64 | 1.0.1.9 | 24.00 | 136.00 | 160.00 | OK | |
r-oldrel-macos-arm64 | 1.0.1.9 | 69.00 | NOTE | |||
r-oldrel-macos-x86_64 | 1.0.1.9 | 108.00 | NOTE | |||
r-oldrel-windows-x86_64 | 1.0.1.9 | 32.00 | 174.00 | 206.00 | NOTE |
Version: 1.0.1.9
Check: package dependencies
Result: NOTE
Package suggested but not available for checking: ‘kadmin’
Flavors: r-oldrel-macos-arm64, r-oldrel-macos-x86_64, r-oldrel-windows-x86_64