Last updated on 2025-07-25 19:49:45 CEST.
Flavor | Version | Tinstall | Tcheck | Ttotal | Status | Flags |
---|---|---|---|---|---|---|
r-devel-linux-x86_64-debian-clang | 0.5.4 | 135.87 | 192.62 | 328.49 | OK | |
r-devel-linux-x86_64-debian-gcc | 0.5.4 | 105.82 | 132.06 | 237.88 | OK | |
r-devel-linux-x86_64-fedora-clang | 0.5.4 | 647.95 | OK | |||
r-devel-linux-x86_64-fedora-gcc | 0.5.4 | 627.10 | OK | |||
r-devel-windows-x86_64 | 0.5.4 | 171.00 | 218.00 | 389.00 | OK | |
r-patched-linux-x86_64 | 0.5.4 | 143.66 | 184.43 | 328.09 | OK | |
r-release-linux-x86_64 | 0.5.3 | 149.22 | 183.78 | 333.00 | OK | |
r-release-macos-arm64 | 0.5.3 | 131.00 | OK | |||
r-release-macos-x86_64 | 0.5.4 | 225.00 | OK | |||
r-release-windows-x86_64 | 0.5.4 | 144.00 | 207.00 | 351.00 | OK | |
r-oldrel-macos-arm64 | 0.5.3 | 137.00 | NOTE | |||
r-oldrel-macos-x86_64 | 0.5.4 | 211.00 | NOTE | |||
r-oldrel-windows-x86_64 | 0.5.4 | 139.00 | 242.00 | 381.00 | OK |
Version: 0.5.3
Check: installed package size
Result: NOTE
installed size is 11.9Mb
sub-directories of 1Mb or more:
libs 11.4Mb
Flavor: r-oldrel-macos-arm64
Version: 0.5.4
Check: installed package size
Result: NOTE
installed size is 12.1Mb
sub-directories of 1Mb or more:
libs 11.6Mb
Flavor: r-oldrel-macos-x86_64