Last updated on 2025-10-31 14:49:44 CET.
| Flavor | Version | Tinstall | Tcheck | Ttotal | Status | Flags | 
|---|---|---|---|---|---|---|
| r-devel-linux-x86_64-debian-clang | 0.1 | 6.91 | 67.15 | 74.06 | NOTE | |
| r-devel-linux-x86_64-debian-gcc | 0.1 | 6.96 | 58.12 | 65.08 | NOTE | |
| r-devel-linux-x86_64-fedora-clang | 0.1 | 21.00 | 98.37 | 119.37 | NOTE | |
| r-devel-linux-x86_64-fedora-gcc | 0.1 | 59.00 | 92.10 | 151.10 | NOTE | |
| r-devel-windows-x86_64 | 0.1 | 9.00 | 69.00 | 78.00 | NOTE | |
| r-patched-linux-x86_64 | 0.1 | 8.80 | 62.99 | 71.79 | NOTE | |
| r-release-linux-x86_64 | 0.1 | 8.31 | 61.75 | 70.06 | NOTE | |
| r-release-macos-arm64 | 0.1 | 13.00 | 73.00 | 86.00 | NOTE | |
| r-release-macos-x86_64 | 0.1 | 15.00 | 75.00 | 90.00 | NOTE | |
| r-release-windows-x86_64 | 0.1 | 9.00 | 72.00 | 81.00 | NOTE | |
| r-oldrel-macos-arm64 | 0.1 | 9.00 | 49.00 | 58.00 | NOTE | |
| r-oldrel-macos-x86_64 | 0.1 | 11.00 | 67.00 | 78.00 | NOTE | |
| r-oldrel-windows-x86_64 | 0.1 | 10.00 | 79.00 | 89.00 | NOTE | 
Version: 0.1
Check: package subdirectories
Result: NOTE
  Problems with news in ‘NEWS.md’:
    Cannot extract version info from the following section titles:
      pre-release juicr (2017 - 2021)
Flavors: r-devel-linux-x86_64-debian-clang, r-devel-linux-x86_64-debian-gcc, r-devel-linux-x86_64-fedora-clang, r-devel-linux-x86_64-fedora-gcc, r-devel-windows-x86_64, r-patched-linux-x86_64, r-release-linux-x86_64, r-release-macos-arm64, r-release-macos-x86_64, r-release-windows-x86_64, r-oldrel-macos-arm64, r-oldrel-macos-x86_64, r-oldrel-windows-x86_64