CRAN Package Check Results for Package jmv

Last updated on 2025-07-20 20:48:30 CEST.

Flavor Version Tinstall Tcheck Ttotal Status Flags
r-devel-linux-x86_64-debian-clang 2.7.0 90.29 152.40 242.69 OK
r-devel-linux-x86_64-debian-gcc 2.7.0 51.35 102.82 154.17 OK
r-devel-linux-x86_64-fedora-clang 2.7.0 388.02 NOTE
r-devel-linux-x86_64-fedora-gcc 2.7.0 364.64 NOTE
r-devel-windows-x86_64 2.7.0 84.00 156.00 240.00 OK
r-patched-linux-x86_64 2.7.0 88.96 142.68 231.64 OK
r-release-linux-x86_64 2.7.0 87.36 140.80 228.16 OK
r-release-macos-arm64 2.7.0 82.00 OK
r-release-macos-x86_64 2.7.0 175.00 OK
r-release-windows-x86_64 2.7.0 82.00 150.00 232.00 OK
r-oldrel-macos-arm64 2.7.0 105.00 NOTE
r-oldrel-macos-x86_64 2.7.0 186.00 NOTE
r-oldrel-windows-x86_64 2.7.0 119.00 194.00 313.00 NOTE

Check Details

Version: 2.7.0
Check: dependencies in R code
Result: NOTE Namespaces in Imports field not imported from: ‘BayesFactor’ ‘GGally’ ‘GPArotation’ ‘MASS’ ‘PMCMR’ ‘R6’ ‘ROCR’ ‘afex’ ‘car’ ‘dplyr’ ‘emmeans’ ‘ggrepel’ ‘ggridges’ ‘lavaan’ ‘matrixStats’ ‘multcomp’ ‘mvnormtest’ ‘nnet’ ‘psych’ ‘vcd’ ‘vcdExtra’ All declared Imports should be used. Flavors: r-devel-linux-x86_64-fedora-clang, r-devel-linux-x86_64-fedora-gcc

Version: 2.7.0
Check: installed package size
Result: NOTE installed size is 8.3Mb sub-directories of 1Mb or more: R 4.0Mb i18n 4.1Mb Flavors: r-oldrel-macos-arm64, r-oldrel-macos-x86_64, r-oldrel-windows-x86_64