Last updated on 2025-10-31 14:49:44 CET.
| Flavor | Version | Tinstall | Tcheck | Ttotal | Status | Flags | 
|---|---|---|---|---|---|---|
| r-devel-linux-x86_64-debian-clang | 2.2 | 3.27 | 42.57 | 45.84 | NOTE | |
| r-devel-linux-x86_64-debian-gcc | 2.2 | 2.34 | 28.68 | 31.02 | NOTE | |
| r-devel-linux-x86_64-fedora-clang | 2.2 | 68.65 | OK | |||
| r-devel-linux-x86_64-fedora-gcc | 2.2 | 68.56 | OK | |||
| r-devel-windows-x86_64 | 2.2 | 5.00 | 79.00 | 84.00 | OK | |
| r-patched-linux-x86_64 | 2.2 | 3.63 | 39.98 | 43.61 | OK | |
| r-release-linux-x86_64 | 2.2 | 3.00 | 40.19 | 43.19 | OK | |
| r-release-macos-arm64 | 2.2 | 2.00 | 25.00 | 27.00 | OK | |
| r-release-macos-x86_64 | 2.2 | 4.00 | 55.00 | 59.00 | OK | |
| r-release-windows-x86_64 | 2.2 | 6.00 | 75.00 | 81.00 | OK | |
| r-oldrel-macos-arm64 | 2.2 | 2.00 | 24.00 | 26.00 | OK | |
| r-oldrel-macos-x86_64 | 2.2 | 4.00 | 48.00 | 52.00 | OK | |
| r-oldrel-windows-x86_64 | 2.2 | 5.00 | 84.00 | 89.00 | OK | 
Version: 2.2
Check: CRAN incoming feasibility
Result: NOTE
  Maintainer: ‘Steven T. Garren <GARRENST@JMU.EDU>’
  
  No Authors@R field in DESCRIPTION.
  Please add one, modifying
    Authors@R: person(given = c("Steven", "T."),
                      family = "Garren",
                      role = c("aut", "cre"),
                      email = "garrenst@jmu.edu")
  as necessary.
Flavors: r-devel-linux-x86_64-debian-clang, r-devel-linux-x86_64-debian-gcc