CRAN Package Check Results for Package isodistrreg

Last updated on 2025-11-03 15:49:38 CET.

Flavor Version Tinstall Tcheck Ttotal Status Flags
r-devel-linux-x86_64-debian-clang 0.1.0 25.25 82.46 107.71 NOTE
r-devel-linux-x86_64-debian-gcc 0.1.0 19.83 59.96 79.79 NOTE
r-devel-linux-x86_64-fedora-clang 0.1.0 121.00 59.86 180.86 NOTE
r-devel-linux-x86_64-fedora-gcc 0.1.0 62.00 109.24 171.24 NOTE
r-devel-windows-x86_64 0.1.0 30.00 108.00 138.00 OK
r-patched-linux-x86_64 0.1.0 27.02 79.16 106.18 OK
r-release-linux-x86_64 0.1.0 25.14 78.45 103.59 OK
r-release-macos-arm64 0.1.0 12.00 50.00 62.00 OK
r-release-macos-x86_64 0.1.0 15.00 81.00 96.00 OK
r-release-windows-x86_64 0.1.0 30.00 107.00 137.00 OK
r-oldrel-macos-arm64 0.1.0 13.00 42.00 55.00 OK
r-oldrel-macos-x86_64 0.1.0 12.00 61.00 73.00 OK
r-oldrel-windows-x86_64 0.1.0 37.00 138.00 175.00 OK

Check Details

Version: 0.1.0
Check: CRAN incoming feasibility
Result: NOTE Maintainer: ‘Alexander Henzi <henzi.alexander@gmail.com>’ Package CITATION file contains call(s) to old-style citEntry(). Please use bibentry() instead. The Description field contains See Henzi, Ziegel, Gneiting (2020) <arXiv:1909.03725>. Please refer to arXiv e-prints via their arXiv DOI <doi:10.48550/arXiv.YYMM.NNNNN>. Flavors: r-devel-linux-x86_64-debian-clang, r-devel-linux-x86_64-debian-gcc

Version: 0.1.0
Check: dependencies in R code
Result: NOTE Namespace in Imports field not imported from: ‘Rcpp’ All declared Imports should be used. Flavors: r-devel-linux-x86_64-fedora-clang, r-devel-linux-x86_64-fedora-gcc